Monthly Climatological Summary for Ian 2013 Name: sykourio.meteoclub.gr City: LARISA State: SYKOURIO Elevation: 185 m Lat: N 39° 45' 27" Lon: E 022° 34' 49" Temperature (°C), Rain (mm), Wind Speed (km/h) Heat Cool Avg Mean Deg Deg Wind Dom Day Temp High Time Low Time Days Days Rain Speed High Time Dir ---------------------------------------------------------------------------------- 1 8,6 14,6 12:54 6,1 23:59 10,0 0,0 0,0 0,6 16,0 21:34 ENE 2 8,0 14,3 14:49 3,9 06:34 10,8 0,0 0,0 0,4 12,0 22:10 E 3 7,8 12,6 14:36 5,0 05:11 10,8 0,0 0,0 0,4 14,0 01:37 SSW 4 5,5 13,3 14:58 1,1 07:43 12,9 0,0 0,0 0,2 6,0 15:40 NE 5 6,9 10,3 12:16 3,2 08:04 8,3 0,0 0,0 0,3 11,0 18:17 N 6 7,8 11,4 01:19 4,5 22:48 10,6 0,0 0,0 18,8 72,0 08:56 ENE 7 4,2 10,1 13:59 -0,1 06:10 14,3 0,0 0,0 16,8 71,0 22:18 ENE 8 2,2 6,8 15:39 -1,7 23:53 16,7 0,0 0,0 10,1 68,0 01:47 ENE 9 1,0 6,6 16:07 -4,5 08:29 18,0 0,0 0,0 0,5 22,0 02:09 ENE 10 3,1 10,9 15:25 -3,0 07:27 15,4 0,0 0,0 0,2 8,0 14:12 SW 11 6,4 12,3 13:20 2,6 08:40 12,3 0,0 3,1 0,3 11,0 14:24 SSW 12 7,0 12,9 14:49 3,8 23:33 13,0 0,0 0,6 0,4 16,0 06:42 SE 13 5,7 12,1 14:19 0,6 08:02 13,1 0,0 0,0 1,0 19,0 20:46 ENE 14 8,6 13,9 15:21 4,6 08:35 9,9 0,0 0,0 0,4 9,0 17:42 NE 15 11,6 16,4 13:39 6,4 08:12 6,9 0,0 0,0 8,5 69,0 23:41 SSE 16 12,0 15,6 14:35 7,4 08:03 6,8 0,0 10,9 5,6 44,0 01:39 S 17 10,2 14,2 21:57 4,9 09:04 8,2 0,0 0,0 6,2 35,0 20:57 SSE 18 11,4 15,3 14:14 7,2 22:44 6,9 0,0 0,0 6,2 48,0 15:37 SSW 19 9,1 14,3 15:21 4,3 07:57 9,6 0,0 0,0 3,0 23,0 14:46 S 20 10,6 16,9 15:35 6,6 07:39 7,9 0,0 0,0 0,6 11,0 01:22 E 21 12,1 18,0 15:17 8,0 00:25 6,2 0,0 0,0 5,6 46,0 18:32 SSE 22 11,4 16,6 16:05 7,4 07:39 7,1 0,0 0,0 0,5 12,0 15:56 ENE 23 11,8 16,8 14:07 8,6 05:31 6,8 0,0 0,0 3,5 21,0 13:41 SE 24 9,0 14,9 10:15 6,1 23:30 9,7 0,0 8,3 3,4 35,0 11:20 ESE 25 7,5 9,1 13:09 4,4 08:20 11,1 0,0 7,8 0,3 10,0 15:46 SE 26 6,9 8,8 12:23 5,8 23:07 11,4 0,0 0,5 13,0 50,0 13:38 ENE 27 5,7 7,2 13:26 4,3 08:28 12,7 0,0 0,0 1,7 30,0 00:37 E 28 6,4 12,1 15:26 2,0 07:45 12,8 0,0 0,0 0,5 13,0 15:58 WNW 29 6,9 12,4 14:53 3,2 05:35 11,9 0,0 0,0 3,0 27,0 20:46 E 30 6,3 12,4 15:16 1,3 07:51 12,4 0,0 0,0 0,3 12,0 00:37 ENE 31 9,0 14,2 16:36 2,8 08:03 9,5 0,0 0,0 9,5 53,0 15:41 ENE ---------------------------------------------------------------------------------- 7,8 18,0 21 -4,5 9 334,0 0,0 31,2 4,1 72,0 6 E Max >= 27,0: 0 Max <= 0,0: 0 Min <= 0,0: 4 Min <= -18,0: 0 Max Rain: 10,9 on day 16 Days of Rain: 6 (> 0,2 mm) 4 (> 2,0 mm) 0 (> 20,0 mm) Heat Base: 18,3 Cool Base: 18,3 Method: Integration