Monthly Climatological Summary for Ian 2014 Name: sykourio.meteoclub.gr City: Larisa State: Sykourio Elevation: 185 m Lat: N 40° 15' 46" Lon: E 022° 58' 10" Temperature (°C), Rain (mm), Wind Speed (km/h) Heat Cool Avg Mean Deg Deg Wind Dom Day Temp High Time Low Time Days Days Rain Speed High Time Dir ---------------------------------------------------------------------------------- 1 7,3 8,1 13:39 6,5 23:55 11,4 0,0 1,0 0,0 5,0 19:35 E 2 7,6 9,4 14:16 6,3 07:34 10,8 0,0 0,0 0,0 5,0 22:30 ENE 3 7,7 11,5 14:41 4,2 09:11 10,7 0,0 0,0 2,1 18,0 20:15 ENE 4 6,2 11,1 14:12 1,4 08:51 12,3 0,0 0,0 0,8 13,0 20:04 ESE 5 6,0 9,3 15:38 2,2 05:36 12,5 0,0 0,0 0,3 11,0 00:07 N 6 8,2 11,1 13:47 5,3 07:32 10,7 0,0 0,0 0,2 11,0 13:52 WNW 7 10,3 14,8 16:12 7,4 08:27 8,2 0,0 1,0 2,5 27,0 20:17 ENE 8 8,4 13,1 16:21 3,1 08:16 10,2 0,0 0,0 1,9 21,0 21:54 E 9 8,4 14,1 14:40 2,9 08:46 10,2 0,0 0,0 0,7 14,0 19:57 E 10 8,0 13,9 15:23 2,7 08:35 10,6 0,0 0,0 0,5 9,0 00:13 SSE 11 8,8 13,9 14:36 4,9 08:01 9,8 0,0 0,0 1,5 20,0 20:41 ENE 12 8,3 12,8 15:16 4,1 07:32 10,2 0,0 0,0 1,3 14,0 13:00 E 13 7,4 9,3 11:54 5,1 08:09 11,3 0,0 0,0 0,8 17,0 20:02 N 14 8,3 11,2 15:12 4,6 07:12 10,0 0,0 0,0 0,2 10,0 00:03 NNW 15 10,7 13,7 13:20 9,3 07:19 7,7 0,0 2,1 0,8 18,0 08:28 NNW 16 10,5 14,1 15:26 8,6 23:12 7,9 0,0 0,5 0,8 15,0 22:16 ENE 17 9,2 14,2 15:36 7,1 07:51 9,2 0,0 0,5 0,7 12,0 23:48 E 18 7,7 10,5 14:08 3,5 07:11 10,6 0,0 0,0 0,5 13,0 00:02 N 19 10,6 16,6 13:50 5,8 07:48 7,8 0,0 0,5 0,8 17,0 22:45 NNW 20 13,2 19,4 15:09 7,2 06:06 5,4 0,1 0,0 6,4 32,0 12:22 S 21 13,9 17,3 13:29 8,1 21:52 4,6 0,0 0,0 6,7 41,0 13:15 SSW 22 11,2 16,1 13:37 6,2 07:31 7,3 0,0 0,0 4,2 24,0 21:35 SE 23 11,5 15,6 16:19 6,6 08:32 7,0 0,0 0,0 3,9 24,0 21:54 E 24 10,8 13,9 21:00 7,6 07:37 7,6 0,0 3,6 4,7 42,0 21:02 SE 25 10,3 12,8 13:48 7,6 23:57 8,3 0,0 3,6 6,1 50,0 23:45 ESE 26 5,5 7,9 12:02 1,9 20:40 13,5 0,0 0,5 9,6 53,0 07:01 NE 27 2,4 6,4 16:40 0,4 07:10 16,5 0,0 0,0 1,4 24,0 00:37 W 28 4,1 6,9 13:17 2,1 00:28 14,7 0,0 3,1 0,4 9,0 11:48 WSW 29 7,3 13,2 15:35 2,3 08:48 11,4 0,0 0,0 4,5 26,0 22:21 ESE 30 8,6 13,3 15:59 2,3 07:13 10,0 0,0 0,0 5,6 42,0 23:27 E 31 8,3 10,7 00:00 6,4 22:50 10,3 0,0 0,0 3,7 27,0 00:39 N ---------------------------------------------------------------------------------- 8,6 19,4 20 0,4 27 308,7 0,1 16,4 2,4 53,0 26 ESE Max >= 27,0: 0 Max <= 0,0: 0 Min <= 0,0: 0 Min <= -18,0: 0 Max Rain: 3,6 on day 24 Days of Rain: 10 (> 0,2 mm) 4 (> 2,0 mm) 0 (> 20,0 mm) Heat Base: 18,3 Cool Base: 18,3 Method: Integration