Monthly Climatological Summary for IAN 2015 Name: sykourio.meteoclub.gr City: Larisa State: Sykourio Elevation: 185 m Lat: N 40° 15' 46" Lon: E 022° 58' 09" Temperature (°C), Rain (mm), Wind Speed (km/h) Heat Cool Avg Mean Deg Deg Wind Dom Day Temp High Time Low Time Days Days Rain Speed High Time Dir ---------------------------------------------------------------------------------- 1 0,8 2,2 17:59 -0,5 08:50 17,7 0,0 0,0 15,3 56,0 10:45 NE 2 -0,6 4,2 16:26 -5,6 08:43 19,7 0,0 0,0 2,5 23,0 00:18 ENE 3 0,9 6,9 15:26 -3,2 04:31 17,8 0,0 0,0 0,9 13,0 16:05 WNW 4 6,9 16,3 14:46 0,9 00:58 11,7 0,0 0,0 14,0 64,0 18:54 ENE 5 5,0 6,9 00:42 2,5 23:25 13,7 0,0 0,0 27,4 85,0 09:40 NE 6 1,5 5,0 13:48 -3,1 07:55 17,0 0,0 0,0 13,0 57,0 15:01 NNE 7 1,1 3,5 14:01 -0,7 04:15 17,7 0,0 0,0 15,6 50,0 07:16 NE 8 0,0 4,5 15:00 -4,7 08:28 18,8 0,0 0,0 2,2 21,0 00:23 ENE 9 1,2 6,1 15:19 -4,5 07:55 17,5 0,0 0,0 1,3 13,0 00:41 ESE 10 7,3 15,9 16:07 -0,6 04:23 11,2 0,0 0,0 3,2 24,0 19:18 ENE 11 10,9 18,1 15:06 4,8 08:38 7,7 0,0 0,0 2,0 22,0 00:41 E 12 8,6 14,6 00:32 5,8 08:43 10,0 0,0 2,0 24,5 77,0 12:42 NE 13 6,7 11,3 16:23 1,8 23:39 11,9 0,0 0,0 5,5 47,0 00:27 NNE 14 4,2 10,6 15:49 -1,7 06:46 16,2 0,0 0,0 1,9 17,0 19:13 E 15 5,7 13,4 15:23 -1,1 08:30 12,8 0,0 0,0 1,7 16,0 20:47 WSW 16 8,2 12,8 15:17 2,5 08:57 10,3 0,0 0,0 4,4 26,0 21:05 ENE 17 6,5 11,9 15:30 0,8 08:18 11,9 0,0 0,0 1,7 22,0 20:31 ENE 18 6,0 9,1 14:29 1,5 08:12 12,8 0,0 0,0 0,6 14,0 21:30 NNW 19 8,7 14,9 15:19 4,2 06:17 9,9 0,0 0,0 1,5 21,0 15:06 N 20 11,0 15,5 12:40 7,5 05:20 7,5 0,0 0,0 0,8 18,0 19:53 NE 21 11,3 15,9 14:24 8,3 07:24 7,2 0,0 0,0 1,8 19,0 14:35 S 22 11,2 16,1 23:21 6,1 08:16 7,2 0,0 0,0 2,5 38,0 23:12 ENE 23 13,8 17,3 12:00 8,3 23:20 4,6 0,0 5,1 4,8 41,0 00:32 SE 24 9,3 12,5 13:47 5,9 09:57 9,5 0,0 0,0 1,8 17,0 23:17 ENE 25 10,0 14,2 15:28 6,3 08:55 8,5 0,0 0,0 5,7 38,0 23:50 ENE 26 8,3 10,2 13:19 6,3 21:31 10,6 0,0 0,0 5,7 42,0 10:24 NE 27 7,4 9,4 16:37 6,1 09:25 11,2 0,0 0,0 0,4 9,0 14:25 WSW 28 7,3 9,9 14:13 4,1 07:32 11,2 0,0 0,0 5,4 40,0 23:08 ENE 29 8,0 9,8 11:50 5,1 23:46 10,6 0,0 0,0 5,6 42,0 00:10 ENE 30 8,6 13,4 21:25 3,1 04:43 9,9 0,0 0,5 12,1 53,0 14:45 SSE 31 10,9 15,9 23:52 9,1 20:08 7,5 0,0 9,2 3,5 37,0 23:51 SW ---------------------------------------------------------------------------------- 6,7 18,1 11 -5,6 2 371,8 0,0 16,8 6,2 85,0 5 NE Max >= 27,0: 0 Max <= 0,0: 0 Min <= 0,0: 10 Min <= -18,0: 0 Max Rain: 9,2 on day 31 Days of Rain: 4 (> 0,2 mm) 3 (> 2,0 mm) 0 (> 20,0 mm) Heat Base: 18,3 Cool Base: 18,3 Method: Integration