Monthly Climatological Summary for FEB 2012 Name: vasilisl@meteocl City: LARISA State: SYKOURIO Elevation: 153 m Lat: N 39° 45' 27" Lon: E 022° 34' 49" Temperature (°C), Rain (mm), Wind Speed (km/h) Heat Cool Avg Mean Deg Deg Wind Dom Day Temp High Time Low Time Days Days Rain Speed High Time Dir ---------------------------------------------------------------------------------- 1 -1,4 0,2 13:05 -3,8 08:01 19,7 0,0 1,0 0,2 8,0 00:00 WNW 2 -0,4 2,3 13:40 -1,2 00:00 19,2 0,0 6,2 0,2 9,0 14:51 NW 3 1,8 5,1 12:22 -0,1 00:00 16,5 0,0 9,8 0,1 6,0 12:54 WSW 4 4,5 10,4 15:43 1,6 06:23 14,3 0,0 2,1 1,2 12,0 17:35 W 5 6,2 9,1 12:24 3,9 04:32 12,3 0,0 1,0 0,5 10,0 22:50 NW 6 5,7 9,7 14:47 2,1 05:42 14,3 0,0 62,1 16,7 75,0 17:57 E 7 2,8 5,5 00:06 1,5 02:51 17,1 0,0 97,4 29,7 88,0 14:08 E 8 0,7 2,6 00:06 -0,8 09:26 18,3 0,0 2,1 21,0 51,0 17:28 E 9 0,6 3,6 10:59 -0,9 05:02 17,9 0,0 0,0 10,5 44,0 00:50 ESE 10 1,4 4,7 13:28 -0,8 07:11 17,5 0,0 0,5 0,5 18,0 11:26 SW 11 3,1 6,2 13:23 1,3 00:00 15,2 0,0 5,2 0,4 9,0 04:47 N 12 5,1 8,9 15:18 2,9 02:53 13,9 0,0 1,5 0,3 6,0 16:05 W 13 7,7 14,8 13:09 4,6 04:14 12,3 0,0 1,0 2,6 26,0 17:24 SE 14 3,0 8,8 15:24 -0,4 05:55 15,8 0,0 4,7 1,8 27,0 17:16 ENE 15 5,3 10,3 19:00 1,1 01:02 21,8 0,0 0,0 1,3 17,0 22:34 SW 16 4,9 9,5 12:40 2,3 07:48 13,9 0,0 0,0 9,6 48,0 18:51 ENE 17 3,9 6,7 14:17 0,1 23:55 14,8 0,0 0,0 14,3 54,0 10:07 E 18 4,7 11,6 15:34 -1,9 05:58 13,8 0,0 0,0 4,3 29,0 21:51 E 19 7,6 13,5 16:08 1,9 07:59 11,0 0,0 0,0 5,2 30,0 02:31 ESE 20 8,8 13,9 14:48 5,2 07:35 10,4 0,0 0,0 3,0 23,0 20:13 E 21 9,8 13,9 15:32 7,6 05:56 8,5 0,0 0,0 3,1 23,0 08:18 E 22 9,6 11,8 15:32 7,8 00:56 8,5 0,0 0,0 4,2 37,0 10:18 E 23 9,0 13,0 11:13 6,1 08:05 10,4 0,0 0,0 4,4 23,0 19:05 SE 24 9,4 16,7 15:59 1,8 07:50 9,1 0,0 0,0 3,8 34,0 19:15 E 25 12,7 20,4 16:18 4,8 07:28 5,8 0,2 0,0 4,4 44,0 23:49 ESE 26 12,4 16,2 11:39 7,1 23:48 6,1 0,0 0,0 15,3 50,0 20:25 ESE 27 4,9 7,9 00:47 3,5 16:10 13,4 0,0 8,3 23,8 80,0 23:38 E 28 2,9 5,5 14:45 0,6 23:38 17,6 0,0 0,0 18,4 63,0 07:41 ENE 29 5,2 12,2 16:34 -0,6 06:55 13,9 0,0 0,0 12,0 83,0 16:48 NE ---------------------------------------------------------------------------------- 5,2 20,4 25 -3,8 1 403,3 0,2 202,9 7,2 88,0 7 E Max >= 27,0: 0 Max <= 0,0: 0 Min <= 0,0: 9 Min <= -18,0: 0 Max Rain: 197,4 on day 7 Days of Rain: 14 (> 0,2 mm) 9 (> 2,0 mm) 2 (> 20,0 mm) Heat Base: 18,3 Cool Base: 18,3 Method: Integration