Monthly Climatological Summary for feb 2013 Name: sykourio.meteoclub.gr City: LARISA State: SYKOURIO Elevation: 185 m Lat: N 39° 45' 27" Lon: E 022° 34' 49" Temperature (°C), Rain (mm), Wind Speed (km/h) Heat Cool Avg Mean Deg Deg Wind Dom Day Temp High Time Low Time Days Days Rain Speed High Time Dir ---------------------------------------------------------------------------------- 1 8,9 15,3 15:53 2,1 08:44 9,4 0,0 0,0 1,3 14,0 18:59 ESE 2 11,7 18,9 15:05 5,0 07:34 6,6 0,0 0,0 3,5 45,0 23:26 S 3 17,1 22,8 13:52 12,4 07:50 2,0 0,7 0,0 9,7 52,0 15:54 S 4 12,7 16,6 15:37 8,9 23:10 5,9 0,0 0,0 2,7 23,0 20:31 E 5 10,4 16,2 14:59 5,7 07:30 8,2 0,0 0,0 1,7 25,0 06:09 ENE 6 9,1 13,9 15:24 4,4 07:51 9,5 0,0 0,0 0,6 15,0 01:11 ESE 7 9,5 14,1 10:18 6,3 21:15 9,1 0,0 7,3 2,3 35,0 11:20 SSE 8 8,8 12,6 12:12 4,1 23:51 9,7 0,0 0,0 3,1 39,0 01:03 SSE 9 7,8 12,9 12:26 3,5 03:24 10,6 0,0 0,5 0,8 19,0 13:13 WSW 10 8,6 14,1 15:18 4,3 07:36 10,5 0,0 0,0 3,4 28,0 21:08 E 11 8,2 13,6 15:06 4,1 07:35 10,4 0,0 0,0 3,2 28,0 13:49 E 12 8,0 12,6 13:39 3,5 06:14 10,3 0,0 0,0 0,4 14,0 23:31 NNW 13 11,2 14,9 14:08 8,1 09:08 7,3 0,0 4,1 6,0 37,0 06:26 SSE 14 8,6 10,9 13:57 5,9 05:25 9,9 0,0 6,2 5,3 35,0 15:32 NNE 15 9,3 12,3 14:13 7,4 23:35 9,0 0,0 1,6 2,0 28,0 00:16 NNE 16 8,8 13,8 13:00 7,1 06:23 9,9 0,0 0,5 2,2 31,0 15:45 ENE 17 7,8 9,5 13:05 6,8 08:13 11,2 0,0 0,5 1,1 20,0 15:15 SSW 18 7,4 9,3 16:02 6,3 06:40 11,2 0,0 0,5 0,2 8,0 15:40 NNW 19 7,1 11,3 15:53 5,2 23:00 11,3 0,0 15,0 2,7 34,0 18:09 E 20 7,0 13,2 15:20 0,9 08:01 11,5 0,0 0,0 2,9 23,0 19:57 SSE 21 7,1 8,1 13:25 5,6 01:13 11,6 0,0 16,7 0,3 11,0 18:46 NNE 22 8,3 10,1 14:33 6,8 06:25 10,2 0,0 5,2 0,3 8,0 13:59 SSW 23 10,1 15,9 15:29 6,1 07:57 8,4 0,0 0,0 0,7 19,0 23:21 E 24 14,2 20,3 15:51 8,5 06:52 4,2 0,1 0,0 5,2 38,0 21:50 SSE 25 15,8 21,4 12:48 10,8 07:07 3,0 0,3 1,0 7,5 53,0 17:44 SSE 26 11,5 17,3 13:57 7,4 07:17 7,8 0,0 0,5 2,1 22,0 01:25 E 27 10,3 16,3 14:29 5,4 07:49 8,3 0,0 0,0 5,0 50,0 17:47 ENE 28 8,9 11,5 15:40 6,1 23:45 9,5 0,0 0,0 3,4 26,0 15:05 E ---------------------------------------------------------------------------------- 9,8 22,8 3 0,9 20 246,5 1,1 59,6 2,9 53,0 25 ESE Max >= 27,0: 0 Max <= 0,0: 0 Min <= 0,0: 0 Min <= -18,0: 0 Max Rain: 16,7 on day 21 Days of Rain: 13 (> 0,2 mm) 6 (> 2,0 mm) 0 (> 20,0 mm) Heat Base: 18,3 Cool Base: 18,3 Method: Integration