Monthly Climatological Summary for FEB 2014 Name: sykourio.meteoclub.gr City: Larisa State: Sykourio Elevation: 185 m Lat: N 40° 15' 46" Lon: E 022° 58' 09" Temperature (°C), Rain (mm), Wind Speed (km/h) Heat Cool Avg Mean Deg Deg Wind Dom Day Temp High Time Low Time Days Days Rain Speed High Time Dir ---------------------------------------------------------------------------------- 1 6,0 6,9 11:41 5,4 07:40 12,4 0,0 0,0 8,4 40,0 18:25 E 2 5,8 6,8 10:34 5,1 07:12 12,9 0,0 0,0 15,6 48,0 15:40 ENE 3 6,4 7,3 19:26 5,2 01:59 11,9 0,0 0,0 13,3 40,0 15:53 NNE 4 6,3 7,8 11:21 5,3 04:11 12,4 0,0 0,0 5,1 39,0 00:04 E 5 6,7 9,6 16:19 5,1 07:21 11,9 0,0 0,0 1,2 17,0 21:19 NE 6 7,2 9,3 12:05 5,6 04:08 11,5 0,0 5,7 0,3 10,0 23:24 NNW 7 8,9 13,2 15:43 6,3 07:22 9,8 0,0 0,5 2,8 20,0 21:36 E 8 10,4 15,3 15:03 5,1 07:25 8,1 0,0 0,0 1,6 17,0 12:49 SE 9 11,7 16,2 16:55 7,4 07:32 6,7 0,0 0,0 2,7 28,0 17:33 S 10 14,2 19,4 16:11 9,1 06:12 4,3 0,1 0,0 5,3 28,0 07:23 E 11 12,6 17,9 15:28 8,6 07:37 6,0 0,0 0,0 1,1 19,0 00:02 ENE 12 12,2 17,5 14:10 8,6 06:12 6,3 0,0 1,6 3,1 26,0 17:06 S 13 11,3 16,1 16:32 6,3 08:37 7,2 0,0 0,0 4,6 27,0 20:24 E 14 11,0 15,2 15:03 5,3 08:33 7,5 0,0 0,0 4,1 22,0 00:09 E 15 11,6 16,3 15:55 7,5 05:33 6,8 0,0 0,0 6,0 30,0 07:56 ENE 16 11,2 17,9 16:17 4,7 07:46 7,1 0,0 0,0 3,0 21,0 00:52 E 17 13,3 21,4 16:03 6,3 07:10 5,5 0,4 0,0 3,2 25,0 19:18 ESE 18 13,8 22,0 16:16 7,4 07:40 5,2 0,6 0,0 1,8 20,0 18:24 NE 19 10,4 17,8 16:09 4,9 08:29 8,2 0,0 0,0 0,9 13,0 13:42 W 20 9,6 15,8 15:32 6,6 04:14 9,0 0,0 0,0 0,5 14,0 14:07 NW 21 11,5 14,7 15:41 8,7 07:41 7,0 0,0 0,0 1,1 15,0 12:32 N 22 12,6 17,6 16:12 8,4 08:06 5,9 0,0 0,0 1,5 15,0 11:38 WSW 23 12,3 15,9 12:45 10,3 05:33 6,4 0,0 0,0 2,0 34,0 14:07 NNE 24 9,1 10,6 00:02 7,9 23:58 9,5 0,0 4,7 0,3 26,0 00:54 NNW 25 8,7 12,2 15:53 7,3 05:06 10,0 0,0 2,1 2,3 23,0 14:54 SSW 26 10,1 14,4 16:04 7,5 07:20 8,4 0,0 0,0 4,4 23,0 19:29 E 27 10,0 16,1 16:19 4,5 07:52 8,6 0,0 0,0 2,9 20,0 20:58 E 28 9,6 13,6 14:25 6,7 07:48 9,0 0,0 0,5 1,6 17,0 14:58 SSW ---------------------------------------------------------------------------------- 10,2 22,0 18 4,5 27 235,5 1,1 15,1 3,6 48,0 2 ENE Max >= 27,0: 0 Max <= 0,0: 0 Min <= 0,0: 0 Min <= -18,0: 0 Max Rain: 5,7 on day 6 Days of Rain: 6 (> 0,2 mm) 3 (> 2,0 mm) 0 (> 20,0 mm) Heat Base: 18,3 Cool Base: 18,3 Method: Integration