Monthly Climatological Summary for MAP 2014 Name: sykourio.meteoclub.gr City: Larisa State: Sykourio Elevation: 185 m Lat: N 40° 15' 46" Lon: E 022° 58' 09" Temperature (°C), Rain (mm), Wind Speed (km/h) Heat Cool Avg Mean Deg Deg Wind Dom Day Temp High Time Low Time Days Days Rain Speed High Time Dir ---------------------------------------------------------------------------------- 1 8,9 11,3 16:06 6,5 07:34 9,5 0,0 6,2 0,6 10,0 15:00 NNE 2 10,8 15,3 15:09 8,9 07:02 8,4 0,0 10,4 6,0 36,0 14:33 SSW 3 8,4 10,6 14:23 6,8 06:52 10,4 0,0 5,8 4,4 36,0 16:56 NE 4 10,6 15,7 15:21 5,1 07:22 7,9 0,0 2,1 3,4 27,0 18:59 ESE 5 10,7 16,1 16:13 5,3 08:03 7,9 0,0 0,0 5,2 31,0 18:33 SSE 6 10,1 14,0 12:40 5,6 08:10 8,5 0,0 0,0 7,4 31,0 14:56 E 7 10,3 12,9 13:38 9,4 21:26 8,2 0,0 5,2 7,0 37,0 10:31 ENE 8 11,1 15,3 15:44 8,6 06:29 7,4 0,0 4,7 7,1 37,0 00:29 ENE 9 8,0 9,2 06:27 6,1 22:26 10,6 0,0 2,6 4,7 35,0 08:39 ENE 10 6,6 7,9 11:05 5,3 02:25 12,0 0,0 0,5 9,0 37,0 17:43 NE 11 6,6 9,4 16:00 5,1 03:08 12,1 0,0 0,0 7,7 39,0 10:03 NE 12 10,4 16,3 16:04 5,9 04:24 8,1 0,0 0,0 5,3 30,0 19:53 NE 13 11,2 16,6 15:28 6,6 05:00 8,5 0,0 0,0 5,1 30,0 23:03 ESE 14 11,4 17,6 15:57 5,4 07:22 7,2 0,0 0,0 3,1 27,0 21:34 SSE 15 12,1 18,6 15:10 5,3 07:35 6,5 0,0 0,0 2,8 24,0 22:33 SSE 16 15,1 19,8 16:27 9,3 07:20 3,5 0,2 0,0 10,8 53,0 08:11 ENE 17 14,8 21,8 14:05 5,8 07:00 4,3 0,8 0,0 9,0 40,0 11:44 NE 18 16,5 24,4 15:47 7,9 07:09 3,1 1,2 0,0 6,3 29,0 19:39 ENE 19 18,5 26,1 16:21 10,8 07:41 1,9 2,1 0,0 5,6 54,0 23:21 E 20 16,2 20,2 15:16 11,3 22:10 2,4 0,2 0,0 11,2 63,0 00:35 NE 21 13,4 20,5 14:48 6,8 07:42 5,2 0,2 0,0 4,1 31,0 20:13 ENE 22 14,2 21,4 15:44 6,1 07:47 4,6 0,4 0,0 3,6 23,0 19:26 ENE 23 15,9 22,9 15:13 9,9 06:46 3,3 0,9 0,0 3,7 26,0 18:38 SSE 24 15,8 21,9 15:10 9,9 06:16 3,4 0,7 0,0 5,6 38,0 16:25 SSW 25 13,2 18,7 15:28 8,6 07:53 5,1 0,0 0,0 6,0 34,0 18:03 WSW 26 11,8 16,7 17:19 8,9 07:18 7,2 0,0 1,0 1,4 16,0 14:40 ENE 27 14,0 20,1 15:10 10,3 04:03 4,6 0,2 0,0 8,5 78,0 17:48 SE 28 13,2 17,9 14:19 9,3 07:29 5,5 0,0 0,0 3,4 27,0 14:35 SSW 29 13,5 18,7 15:52 9,4 06:07 4,9 0,0 1,0 6,1 41,0 11:29 ENE 30 11,8 15,4 16:46 7,1 23:51 6,8 0,0 0,0 3,2 18,0 15:54 NNW 31 12,3 19,9 17:44 5,5 07:49 6,3 0,2 0,0 3,0 23,0 21:37 SSW ---------------------------------------------------------------------------------- 12,2 26,1 19 5,1 4 205,3 7,1 39,5 5,5 78,0 27 E Max >= 27,0: 0 Max <= 0,0: 0 Min <= 0,0: 0 Min <= -18,0: 0 Max Rain: 10,4 on day 2 Days of Rain: 10 (> 0,2 mm) 7 (> 2,0 mm) 0 (> 20,0 mm) Heat Base: 18,3 Cool Base: 18,3 Method: Integration