Monthly Climatological Summary for MAR 2017 Name: ΣΥΚΟΥΡΙΟ City: ΛΑΡΙΣΑ State: ΕΛΛΑΔΑ Elevation: 185 m Lat: N 40° 15' 46" Lon: E 022° 57' 09" Temperature (°C), Rain (mm), Wind Speed (km/h) Heat Cool Avg Mean Deg Deg Wind Dom Day Temp High Time Low Time Days Days Rain Speed High Time Dir ---------------------------------------------------------------------------------- 1 13,5 19,6 14:47 7,8 07:39 3,6 0,1 1,1 5,2 45,0 19:55 SSW 2 11,4 17,4 16:45 5,8 08:07 6,9 0,0 0,0 7,1 31,0 11:41 ENE 3 13,3 17,8 15:22 6,3 07:52 3,6 0,0 0,0 4,7 25,0 22:51 NE 4 12,0 18,2 14:57 5,3 07:37 6,4 0,0 0,0 5,2 30,0 14:25 ESE 5 13,4 18,7 15:31 6,2 07:03 3,7 0,0 0,0 3,7 23,0 15:03 SSW 6 13,3 18,3 16:21 8,8 07:50 4,9 0,0 0,0 4,5 29,0 17:25 SE 7 12,7 17,2 14:16 7,9 03:37 5,6 0,0 0,0 3,8 29,0 21:31 ENE 8 11,1 14,4 14:13 8,7 21:28 7,3 0,0 13,9 4,6 40,0 18:54 NE 9 10,7 12,6 13:17 8,7 00:29 7,5 0,0 19,7 10,3 46,0 07:26 NNE 10 9,6 11,6 13:02 8,2 23:33 8,5 0,0 2,1 13,6 58,0 21:27 NNE 11 9,1 11,4 16:22 6,8 10:56 8,9 0,0 10,7 17,9 68,0 10:57 NNE 12 10,3 14,7 15:18 7,5 23:58 7,9 0,0 0,0 7,2 31,0 22:13 NE 13 10,1 14,3 15:55 5,6 07:03 6,8 0,0 0,5 4,8 34,0 00:16 NNE 14 8,8 14,0 15:24 4,6 05:45 9,5 0,0 0,0 2,2 19,0 15:50 NNE 15 11,8 14,9 13:48 8,3 23:26 4,9 0,0 0,0 9,7 37,0 09:44 E 16 9,2 14,5 14:00 4,5 07:05 9,2 0,0 0,0 5,6 33,0 13:19 NNE 17 11,1 16,3 14:50 3,4 07:26 5,3 0,0 0,0 4,6 31,0 16:38 NE 18 13,9 18,8 16:17 5,4 07:41 3,3 0,0 0,0 4,4 24,0 18:10 SE 19 17,3 22,5 15:43 12,1 04:24 1,7 0,8 0,0 5,9 27,0 20:05 E 20 16,8 22,5 15:07 9,9 07:26 2,1 0,8 0,0 3,8 27,0 20:06 E 21 16,5 23,1 16:27 9,4 07:27 2,5 0,9 0,0 2,3 24,0 00:13 NW 22 15,2 22,1 15:01 7,9 05:36 3,3 0,6 0,0 2,1 26,0 17:50 W 23 15,6 21,6 15:32 8,4 07:34 2,9 0,5 0,0 3,0 21,0 19:26 NE 24 16,1 22,3 15:39 8,5 07:38 2,6 0,7 0,0 2,3 22,0 20:42 E 25 18,0 24,8 15:48 9,0 07:32 1,9 1,6 0,0 2,3 30,0 21:00 SSE 26 17,9 24,0 15:05 10,6 06:19 1,7 1,3 0,0 4,5 67,0 23:38 E 27 9,5 13,2 00:14 7,8 08:21 6,2 0,0 1,1 6,5 61,0 00:35 ENE 28 12,0 16,4 16:55 5,6 08:17 4,6 0,0 0,0 5,2 24,0 23:52 ENE 29 12,3 19,9 15:46 4,1 07:35 6,3 0,2 0,0 5,9 37,0 18:03 NE 30 17,8 22,7 17:04 7,3 08:11 1,5 1,1 0,0 7,5 33,0 14:06 NE 31 15,1 18,9 15:26 11,3 22:58 3,2 0,0 0,5 6,0 34,0 00:31 ENE ---------------------------------------------------------------------------------- 13,1 24,8 25 3,4 17 154,3 8,6 49,6 5,3 68,0 11 ENE Max >= 27,0: 0 Max <= 0,0: 0 Min <= 0,0: 0 Min <= -18,0: 0 Max Rain: 19,7 on day 9 Days of Rain: 8 (>= 0,2 mm) 4 (>= 2,0 mm) 0 (>= 20,0 mm) Heat Base: 18,3 Cool Base: 18,3 Method: Integration