Monthly Climatological Summary for Μαρ 2018 Name: ΣΥΚΟΥΡΙΟ City: ΛΑΡΙΣΑ State: ΕΛΛΑΔΑ Elevation: 165 m Lat: N 40° 15' 46" Lon: E 022° 57' 09" Temperature (°C), Rain (mm), Wind Speed (km/h) Heat Cool Avg Mean Deg Deg Wind Dom Day Temp High Time Low Time Days Days Rain Speed High Time Dir ---------------------------------------------------------------------------------- 1 3,3 5,9 16:03 0,8 04:15 15,7 0,0 0,0 6,3 37,0 00:36 NE 2 6,8 10,9 17:34 3,6 01:10 12,2 0,3 0,0 0,8 14,0 20:34 WSW 3 12,2 19,6 15:48 3,9 05:35 6,5 4,5 0,0 4,5 24,0 15:52 S 4 16,0 21,3 14:24 10,6 06:40 3,3 7,5 0,0 7,5 32,0 12:47 NNE 5 11,6 16,2 00:34 9,5 23:50 7,4 3,1 7,3 4,4 32,0 11:40 ESE 6 13,8 19,6 14:41 8,1 08:04 5,1 5,4 2,3 6,5 34,0 18:18 SSE 7 15,8 20,3 14:33 11,6 23:46 3,3 7,3 0,0 7,3 40,0 16:01 SSW 8 13,3 18,3 14:15 9,0 06:35 5,6 4,8 0,0 7,9 48,0 14:30 NW 9 11,0 15,8 15:30 5,0 07:20 8,0 2,9 0,0 6,0 26,0 01:25 E 10 12,4 19,4 15:56 5,1 08:05 6,5 4,3 0,0 4,4 26,0 00:02 ENE 11 13,5 20,6 15:28 6,3 06:05 5,6 5,1 0,0 2,4 16,0 15:39 WSW 12 13,6 20,8 16:21 8,6 06:50 5,6 5,3 3,4 2,3 25,0 23:25 SW 13 14,5 18,5 15:14 11,4 07:55 4,5 6,0 0,0 7,7 38,0 13:15 WSW 14 13,7 19,0 14:15 9,1 06:40 5,2 5,3 0,0 5,9 28,0 13:43 ESE 15 15,7 19,4 15:26 10,3 00:52 1,7 3,9 0,0 5,1 23,0 14:59 SE 16 14,4 20,1 17:13 9,2 04:50 4,5 5,9 0,0 2,5 25,0 21:55 ESE 17 18,5 24,6 14:53 11,5 05:50 2,3 10,0 0,0 8,5 45,0 17:26 SE 18 17,7 21,2 03:40 14,2 22:40 1,6 9,2 1,1 6,8 32,0 09:07 S 19 12,8 16,6 13:40 9,2 06:50 6,2 4,3 6,8 4,4 32,0 19:08 ESE 20 13,5 18,8 15:13 8,4 05:40 5,4 5,0 0,0 6,3 35,0 12:58 SSW 21 12,9 18,6 13:18 7,9 06:50 6,0 4,4 0,0 3,4 23,0 19:36 NNE 22 11,4 14,8 12:23 8,5 23:10 7,5 2,9 9,0 8,6 57,0 12:27 NE 23 10,9 14,4 10:58 7,2 07:13 6,0 1,8 5,6 5,0 29,0 16:34 SSE 24 10,0 15,3 15:00 4,4 07:10 8,9 2,1 0,0 4,8 35,0 17:49 ENE 25 10,7 13,9 20:49 7,8 06:45 7,9 2,1 4,5 7,3 46,0 22:04 ESE 26 11,5 17,4 14:54 6,5 05:10 7,4 3,4 0,0 3,5 26,0 13:38 SSW 27 13,2 18,5 17:48 6,7 07:44 5,7 4,8 0,0 4,8 26,0 17:59 SE 28 12,8 16,4 15:55 8,9 07:10 6,2 4,3 0,0 9,2 36,0 11:04 NE 29 12,3 18,8 17:52 4,5 08:25 6,6 4,0 0,0 4,4 24,0 06:45 SE 30 15,7 21,1 17:18 7,8 08:11 2,5 5,1 0,0 3,1 19,0 15:36 SW 31 16,1 20,9 17:50 11,1 00:43 0,9 2,3 0,0 3,7 17,0 18:45 SSW ---------------------------------------------------------------------------------- 13,0 24,6 17 0,8 1 181,8 137,3 40,0 5,4 57,0 22 SE Max >= 27,0: 0 Max <= 0,0: 0 Min <= 0,0: 0 Min <= -18,0: 0 Max Rain: 9,0 on day 22 Days of Rain: 8 (>= 0,2 mm) 7 (>= 2,0 mm) 0 (>= 20,0 mm) Heat Base: 18,9 Cool Base: 8,5 Method: Integration