Monthly Climatological Summary for Apr 2012 Name: sykourio.meteoclub.gr City: Larisa State: Sykourio Elevation: 153 m Lat: N 39° 45' 27" Lon: E 022° 34' 49" Temperature (°C), Rain (mm), Wind Speed (km/h) Heat Cool Avg Mean Deg Deg Wind Dom Day Temp High Time Low Time Days Days Rain Speed High Time Dir ---------------------------------------------------------------------------------- 1 15,9 24,1 15:16 10,8 21:43 3,5 1,1 0,0 12,7 67,0 17:41 ESE 2 11,3 16,7 16:30 8,1 03:14 7,1 0,0 0,0 5,4 45,0 02:14 ESE 3 12,5 20,3 16:36 5,8 06:26 6,0 0,3 0,0 2,5 22,0 16:05 WSW 4 13,1 18,4 11:30 9,9 05:19 5,6 0,0 4,7 3,5 38,0 14:50 NNW 5 12,4 14,4 11:28 9,6 07:08 5,9 0,0 8,8 1,4 17,0 13:37 NE 6 16,7 24,1 16:14 11,2 07:38 2,9 1,2 0,0 4,0 31,0 16:52 SW 7 18,7 24,6 13:45 13,1 08:11 1,5 1,9 0,0 5,1 22,0 14:06 S 8 16,4 22,2 13:58 10,4 23:05 2,7 0,8 1,0 7,4 42,0 14:45 W 9 8,8 12,9 09:37 6,6 14:21 9,7 0,0 3,1 12,5 50,0 15:02 E 10 8,5 12,3 14:50 6,5 08:16 10,2 0,0 0,0 5,9 27,0 10:58 NE 11 10,8 17,3 17:00 4,2 07:05 7,7 0,0 0,0 1,8 17,0 00:08 SE 12 14,2 22,3 16:35 7,5 07:11 5,1 0,8 0,0 2,4 21,0 14:41 W 13 13,0 17,5 13:29 8,9 07:35 5,4 0,0 2,1 1,1 15,0 12:43 NW 14 14,3 20,5 12:07 9,8 06:47 4,1 0,1 1,6 3,7 34,0 13:00 W 15 15,1 20,5 15:52 9,9 04:03 3,5 0,3 0,0 6,2 44,0 16:57 WSW 16 16,6 22,3 17:16 10,9 06:26 2,8 1,1 0,0 9,2 53,0 18:21 S 17 17,3 20,9 12:59 12,9 23:55 1,5 0,4 3,6 6,2 50,0 01:13 SSE 18 13,4 16,2 19:03 11,3 07:40 5,0 0,0 8,8 5,0 32,0 10:58 NNE 19 15,5 21,6 13:43 10,9 03:53 3,2 0,4 0,0 7,1 40,0 15:45 SW 20 15,6 19,9 16:35 11,3 04:54 2,9 0,2 0,0 4,3 38,0 13:02 SSW 21 16,3 22,3 16:35 11,2 07:50 2,7 0,7 0,0 7,0 41,0 16:22 NW 22 17,0 24,1 16:21 10,4 07:07 2,7 1,4 0,0 3,9 27,0 20:58 SE 23 18,6 25,9 16:38 10,6 07:15 1,9 2,2 0,0 3,7 31,0 19:28 SSE 24 20,0 26,8 16:31 14,1 07:40 1,0 2,9 0,0 4,9 27,0 19:41 SSW 25 20,5 27,5 16:18 13,3 07:29 1,1 3,3 0,0 5,2 29,0 18:19 WSW 26 18,7 25,9 16:55 8,7 07:27 1,8 2,3 0,0 4,6 26,0 21:19 SE 27 19,5 27,0 14:50 11,1 07:07 1,5 2,8 0,0 4,8 33,0 17:11 ENE 28 15,8 20,1 13:45 12,8 07:04 2,7 0,1 2,1 4,5 40,0 13:20 ENE 29 21,5 27,1 17:36 13,2 00:03 0,6 3,9 0,0 11,9 41,0 14:35 E 30 21,9 28,8 17:14 14,3 06:55 0,4 4,1 0,0 5,0 26,0 23:29 ESE ---------------------------------------------------------------------------------- 15,7 28,8 30 4,2 11 112,7 32,3 35,8 5,4 67,0 1 SE Max >= 27,0: 4 Max <= 0,0: 0 Min <= 0,0: 0 Min <= -18,0: 0 Max Rain: 8,8 on day 5 Days of Rain: 9 (> 0,2 mm) 7 (> 2,0 mm) 0 (> 20,0 mm) Heat Base: 18,3 Cool Base: 18,3 Method: Integration