Monthly Climatological Summary for APR 2013 Name: sykourio.meteoclub.gr City: Larisa State: Sykourio Elevation: 185 m Lat: N 40° 15' 46" Lon: E 022° 58' 10" Temperature (°C), Rain (mm), Wind Speed (km/h) Heat Cool Avg Mean Deg Deg Wind Dom Day Temp High Time Low Time Days Days Rain Speed High Time Dir ---------------------------------------------------------------------------------- 1 16,1 22,5 15:20 10,1 07:04 3,0 0,8 0,0 4,4 28,0 16:27 S 2 15,8 21,6 16:13 11,9 07:18 3,1 0,5 0,0 4,2 35,0 21:48 SE 3 16,0 22,1 13:50 12,3 07:23 2,7 0,4 0,0 2,9 29,0 14:28 W 4 16,5 23,2 16:24 10,8 07:39 3,1 1,2 0,0 5,5 34,0 13:27 N 5 16,8 24,4 16:05 9,8 07:22 2,7 1,2 0,0 4,9 37,0 16:26 SSE 6 18,6 25,8 15:30 12,3 08:08 1,4 1,7 0,0 2,4 22,0 14:18 E 7 16,9 20,4 11:19 13,5 23:11 1,7 0,3 0,5 16,5 75,0 15:30 E 8 12,6 14,4 15:00 10,6 23:37 6,0 0,0 0,0 6,8 49,0 09:36 NE 9 13,1 19,7 16:52 9,8 06:30 5,4 0,0 0,5 1,3 20,0 16:00 NW 10 15,1 22,4 16:59 7,6 07:57 4,1 0,7 0,0 2,8 22,0 22:17 SSE 11 16,8 24,2 16:08 9,3 07:55 2,9 1,3 0,0 4,5 21,0 02:27 SE 12 17,5 24,9 16:31 10,1 07:26 2,5 1,6 0,0 3,5 24,0 14:15 S 13 19,1 28,4 16:44 11,0 07:58 2,4 3,3 0,0 3,8 26,0 22:21 SSW 14 18,7 22,2 12:54 13,4 23:58 0,6 1,1 0,0 13,8 51,0 13:30 ENE 15 16,2 19,5 16:02 11,6 23:54 2,2 0,1 0,0 12,2 54,0 14:05 NE 16 14,5 19,2 13:26 8,4 07:51 3,8 0,0 0,0 10,2 59,0 10:47 ENE 17 16,4 22,9 14:17 12,1 02:27 2,9 0,9 0,0 7,0 40,0 09:54 E 18 15,4 20,8 15:42 8,9 07:20 3,5 0,4 0,0 5,8 35,0 21:31 SSE 19 14,6 19,9 16:24 10,1 08:04 3,9 0,1 0,0 7,1 36,0 11:30 NE 20 15,0 22,1 17:05 8,9 07:30 4,0 0,6 0,0 4,3 26,0 19:10 S 21 17,4 24,7 16:15 10,5 07:56 2,6 1,7 0,0 4,4 27,0 22:21 SE 22 18,0 24,9 14:44 10,5 07:11 2,1 1,8 0,0 3,7 27,0 18:50 SSE 23 18,3 24,3 15:47 13,4 07:13 1,7 1,6 0,0 2,8 20,0 14:40 SSW 24 19,5 27,3 16:43 12,1 07:23 1,7 3,0 0,0 2,7 22,0 21:04 SSW 25 21,5 29,1 17:14 13,9 07:30 0,8 4,1 0,0 3,8 28,0 21:53 E 26 23,5 31,3 16:23 14,7 07:30 0,3 5,8 0,0 4,2 26,0 23:31 SSE 27 23,0 30,4 16:06 14,2 06:45 0,4 5,3 0,0 5,4 28,0 17:15 S 28 22,5 30,7 16:51 15,6 06:45 0,4 4,7 0,0 2,6 26,0 21:12 E 29 23,0 31,0 16:20 14,9 07:15 0,5 5,6 0,0 3,1 21,0 14:26 W 30 23,4 31,8 15:40 15,5 06:35 0,4 5,9 0,0 4,6 29,0 21:00 E ---------------------------------------------------------------------------------- 17,7 31,8 30 7,6 10 72,8 55,7 1,0 5,4 75,0 7 ESE Max >= 27,0: 8 Max <= 0,0: 0 Min <= 0,0: 0 Min <= -18,0: 0 Max Rain: 0,5 on day 7 Days of Rain: 2 (> 0,2 mm) 0 (> 2,0 mm) 0 (> 20,0 mm) Heat Base: 18,3 Cool Base: 18,3 Method: Integration