Monthly Climatological Summary for APR 2014 Name: sykourio.meteoclub.gr City: Larisa State: Sykourio Elevation: 185 m Lat: N 40° 15' 46" Lon: E 022° 58' 09" Temperature (°C), Rain (mm), Wind Speed (km/h) Heat Cool Avg Mean Deg Deg Wind Dom Day Temp High Time Low Time Days Days Rain Speed High Time Dir ---------------------------------------------------------------------------------- 1 15,4 23,8 17:20 7,9 08:18 4,1 1,1 0,0 4,3 25,0 20:14 SE 2 17,1 23,9 16:30 10,6 07:36 2,5 1,3 0,0 3,8 28,0 19:02 SE 3 15,1 20,9 16:44 10,3 07:17 3,7 0,4 0,0 3,5 24,0 17:00 SW 4 13,6 20,5 17:05 8,5 07:18 5,1 0,2 0,0 2,1 23,0 15:13 WSW 5 15,7 22,4 15:38 10,4 07:51 3,4 0,7 0,0 7,3 39,0 20:18 ENE 6 16,3 19,9 15:09 13,6 06:36 2,1 0,1 0,0 8,3 44,0 18:02 NE 7 15,2 19,1 16:57 11,9 07:07 3,2 0,0 0,0 5,5 35,0 00:06 NE 8 16,2 20,9 15:27 12,5 07:19 2,6 0,5 0,0 5,3 28,0 15:59 SE 9 17,1 24,2 15:42 10,1 07:59 2,7 1,5 0,0 4,3 28,0 19:53 SSW 10 12,4 17,1 00:59 8,5 23:41 6,1 0,0 2,6 10,0 48,0 08:30 ENE 11 8,8 14,8 14:21 3,3 07:03 9,5 0,0 4,1 4,0 41,0 15:32 NNE 12 10,9 18,3 17:31 2,9 07:46 7,6 0,0 0,0 3,4 20,0 14:18 SSE 13 13,9 19,3 14:36 7,8 07:49 4,6 0,1 0,0 4,2 27,0 14:59 SE 14 15,5 20,9 14:59 9,9 07:52 3,3 0,5 0,0 5,5 31,0 17:05 ESE 15 16,5 22,9 15:11 9,9 07:53 3,0 1,1 0,0 6,2 36,0 15:32 SW 16 12,8 15,9 00:39 8,5 23:54 5,7 0,0 4,7 2,1 23,0 10:29 NNE 17 11,1 17,4 16:51 5,6 07:42 7,3 0,0 0,5 5,3 32,0 15:37 ENE 18 12,7 18,4 16:10 7,5 06:54 5,6 0,0 0,0 7,0 36,0 18:02 WSW 19 14,0 19,3 17:32 9,8 06:13 4,5 0,1 0,0 4,0 30,0 19:16 SW 20 16,2 22,2 17:30 10,0 07:22 2,9 0,7 0,0 4,0 23,0 16:05 SSW 21 15,7 20,9 17:20 11,6 06:59 2,9 0,3 0,0 2,6 24,0 15:47 NNW 22 17,5 23,8 14:17 10,8 08:00 2,4 1,5 0,0 2,9 21,0 23:10 WSW 23 17,4 20,9 12:24 14,4 07:28 1,3 0,4 0,0 1,7 16,0 14:12 SW 24 17,4 23,6 15:33 12,9 07:19 1,8 0,9 0,5 3,5 32,0 16:08 E 25 17,1 20,8 13:17 14,8 03:57 1,6 0,4 0,5 3,0 28,0 15:23 NE 26 15,5 18,2 13:58 13,5 22:04 2,8 0,0 2,1 2,1 22,0 14:07 NW 27 14,0 16,9 12:24 12,4 07:46 4,6 0,0 22,3 2,7 27,0 14:16 ESE 28 13,7 15,9 18:33 11,6 05:29 4,7 0,0 6,2 2,2 22,0 13:37 ENE 29 15,2 20,4 14:35 11,5 08:09 3,4 0,2 0,0 5,3 37,0 16:59 ESE 30 15,8 21,6 15:34 9,9 05:10 3,2 0,6 0,0 2,6 22,0 15:28 ENE ---------------------------------------------------------------------------------- 14,9 24,2 9 2,9 12 118,2 12,6 43,5 4,3 48,0 10 ESE Max >= 27,0: 0 Max <= 0,0: 0 Min <= 0,0: 0 Min <= -18,0: 0 Max Rain: 22,3 on day 27 Days of Rain: 9 (> 0,2 mm) 6 (> 2,0 mm) 1 (> 20,0 mm) Heat Base: 18,3 Cool Base: 18,3 Method: Integration