Monthly Climatological Summary for MAI 2012 Name: sykourio.meteoclub.gr City: LARISA State: SYKOYRIO Elevation: 153 m Lat: N 39° 45' 27" Lon: E 022° 34' 49" Temperature (°C), Rain (mm), Wind Speed (km/h) Heat Cool Avg Mean Deg Deg Wind Dom Day Temp High Time Low Time Days Days Rain Speed High Time Dir ---------------------------------------------------------------------------------- 1 22,1 28,9 15:50 13,9 06:29 0,6 4,5 0,0 5,3 28,0 21:06 E 2 23,0 29,9 15:45 14,3 06:54 0,3 5,1 0,0 4,6 28,0 21:47 E 3 23,1 30,3 16:28 14,8 07:03 0,3 5,1 0,0 3,8 32,0 18:29 ENE 4 21,8 29,5 16:05 15,1 07:37 0,4 4,1 5,7 6,8 59,0 20:11 ESE 5 21,4 28,9 16:42 13,3 07:13 0,8 3,9 0,0 4,0 28,0 02:00 ESE 6 22,3 29,8 17:37 14,6 07:35 0,4 4,5 0,0 3,9 26,0 20:57 ESE 7 23,4 31,3 16:13 15,3 07:17 0,3 5,4 0,0 4,4 30,0 01:05 E 8 23,4 29,3 17:08 19,1 07:17 0,0 5,3 0,0 5,2 27,0 22:22 ESE 9 21,9 27,9 14:39 17,7 07:22 0,0 3,7 0,0 4,5 36,0 04:22 ESE 10 20,8 27,5 14:00 14,9 07:08 0,7 3,4 0,0 6,2 43,0 22:40 SE 11 21,5 26,2 16:31 16,9 06:50 0,1 3,3 1,0 7,7 34,0 13:38 ENE 12 23,1 30,6 16:06 17,5 05:35 0,1 5,0 0,0 8,7 54,0 17:30 ENE 13 21,7 29,6 13:56 14,6 06:57 0,6 4,1 0,0 6,5 48,0 14:33 E 14 20,3 27,3 12:53 15,6 19:12 0,6 2,7 8,3 6,6 52,0 18:50 SE 15 17,9 23,5 00:21 12,4 01:07 0,1 0,0 2,2 7,2 50,0 00:56 NNW 16 22,8 25,8 16:10 15,8 3:40 0.6 2.8 0,0 7.9 38.6 15:00 W 17 16,3 20,1 13:30 12,5 00:00 3.2 0.2 2,5 3.9 46.7 14:20 N 18 13,9 15,8 18:20 12,1 0:20 4.0 0.0 0,0 2.3 22.5 4:50 NE 19 19,2 25,0 17:40 13,5 7:00 1.5 2.0 0,0 2.4 17.7 19:10 ESE 20 21,0 27,5 16:40 14,2 6:10 0.8 3.1 0.0 2.6 20.9 17:30 ENE 21 19,0 21,5 14:10 16,1 6:20 0.5 1.1 0.0 3.4 27.4 20:40 ENE 22 21,3 27,1 16:10 15,6 5:10 0.6 3.1 0.0 7.2 49.9 14:50 W 23 20,6 25,8 16:00 15,5 6:40 0.5 2.7 1,5 7.1 43.5 15:40 WSW 24 18,6 22,1 15:20 15,1 5:40 1.0 0.6 0,5 2.1 20.9 17:30 WNW 25 21,7 27,9 17:20 15,7 6:40 0.7 3.4 3,6 2.4 17.7 17:50 E 26 20,1 26,5 14:00 15,6 17:20 0.4 2.1 4,1 3.4 43.5 17:10 ESE 27 17,2 21,5 18:00 14,2 5:30 1.4 0.6 7,1 1.4 35.4 19:10 E 28 20,1 25,7 17:10 14,5 6:00 0.6 2.8 0.0 3.7 27.4 9:30 N 29 18,8 23,9 18:00 14,7 8:20 0.9 1.4 0.0 2.7 25.7 5:00 N 30 19,9 23,6 12:35 13,6 12:33 0,2 1,0 16,5 4,3 39,9 18:35 S 31 21,5 28,5 17:26 13,4 06:35 1,1 5,2 0,0 4,8 24,0 23:18 E ---------------------------------------------------------------------------------- 20,3 31,3 12,1 30 6,6 66,3 53,0 5,5 59,0 4 E Max >= 32,0: 0 Max <= 0,0: 0 Min <= 0,0: 0 Min <= -18,0: 0 Max Rain: 16,5 on day 30 Days of Rain: 11 (> 0,2 mm) 7 (> 2,0 mm) (> 20,0 mm) Heat Base: 18,3 Cool Base: 18,3 Method: Integration