Monthly Climatological Summary for Mai 2013 Name: sykourio.meteoclub.gr City: Larisa State: Sykourio Elevation: 185 m Lat: N 40° 15' 46" Lon: E 022° 58' 10" Temperature (°C), Rain (mm), Wind Speed (km/h) Heat Cool Avg Mean Deg Deg Wind Dom Day Temp High Time Low Time Days Days Rain Speed High Time Dir ---------------------------------------------------------------------------------- 1 24,6 32,4 15:44 16,1 07:30 0,1 6,6 0,0 3,6 23,0 23:40 ENE 2 24,6 31,2 15:36 18,1 07:27 0,0 6,3 0,0 3,5 24,0 15:36 S 3 24,0 30,6 15:18 16,1 07:25 0,1 6,0 0,0 3,5 23,0 21:34 NE 4 25,0 31,6 16:16 17,1 06:25 0,0 7,1 0,0 3,8 22,0 21:04 ESE 5 25,0 31,9 16:45 18,2 07:25 0,0 6,8 0,0 4,2 31,0 23:18 ENE 6 23,6 28,9 16:36 18,4 07:05 0,0 5,4 0,0 5,7 32,0 15:43 S 7 21,9 27,7 15:42 17,9 04:34 0,0 4,2 0,0 3,7 23,0 13:39 N 8 19,3 22,9 13:43 15,3 05:41 0,6 1,7 0,0 4,7 46,0 15:14 ENE 9 17,1 20,5 15:16 15,4 07:27 1,4 0,2 8,8 3,8 41,0 18:57 NNE 10 19,0 24,9 16:32 14,1 06:46 1,3 2,0 0,0 4,8 27,0 23:46 S 11 21,3 29,2 15:30 12,7 06:35 0,8 4,0 3,1 4,6 30,0 01:04 E 12 18,8 25,9 15:47 15,3 22:17 1,1 1,6 3,1 5,1 81,0 17:27 ENE 13 16,3 19,8 15:55 14,1 19:49 2,2 0,1 43,5 3,1 35,0 22:59 N 14 19,2 24,8 16:23 13,9 01:11 0,8 1,7 0,0 7,2 37,0 11:55 NNE 15 21,3 27,9 17:00 15,5 07:16 0,4 3,5 0,0 4,5 27,0 00:33 ESE 16 20,3 27,4 16:17 15,4 05:32 0,5 2,5 0,0 3,5 26,0 21:59 SSE 17 22,5 28,9 17:56 16,8 04:28 0,3 4,5 0,0 3,6 24,0 12:24 SSW 18 25,5 33,2 14:38 16,6 07:30 0,1 7,3 0,0 4,5 27,0 21:35 NE 19 27,0 34,3 16:30 19,4 06:33 0,0 8,7 0,0 3,8 24,0 18:51 ESE 20 26,7 33,9 17:12 19,4 06:16 0,0 8,9 0,0 3,3 22,0 21:31 ESE 21 25,8 32,8 17:06 17,4 08:11 0,0 7,7 0,0 3,9 24,0 01:29 E 22 26,6 32,8 15:37 19,8 07:52 0,0 8,4 0,0 6,2 36,0 19:52 SSE 23 25,9 29,9 14:14 20,9 23:51 0,0 7,7 0,0 11,8 49,0 00:51 SSW 24 21,7 27,5 17:04 16,1 07:28 0,2 3,6 0,0 5,7 36,0 17:24 WSW 25 21,8 28,1 15:41 16,4 06:22 0,3 3,9 0,0 6,3 37,0 18:09 SW 26 22,7 29,2 15:04 17,1 07:50 0,1 4,6 0,0 11,3 54,0 16:59 SW 27 20,4 27,0 17:05 14,3 06:31 1,0 3,2 0,0 3,3 29,0 13:33 S 28 20,9 27,6 14:56 13,9 07:26 0,9 3,6 0,0 3,4 43,0 22:27 S 29 23,1 28,9 15:34 16,9 06:19 0,1 5,1 0,0 3,9 31,0 00:22 NNW 30 24,7 31,1 15:50 19,5 06:18 0,0 6,9 0,0 7,4 43,0 17:14 SSW 31 22,0 26,9 15:21 17,6 23:59 0,0 4,0 0,0 5,8 44,0 11:53 WSW ---------------------------------------------------------------------------------- 22,5 34,3 19 12,7 11 12,3 147,8 58,5 4,9 81,0 12 SSE Max >= 27,0: 24 Max <= 0,0: 0 Min <= 0,0: 0 Min <= -18,0: 0 Max Rain: 43,5 on day 13 Days of Rain: 4 (> 0,2 mm) 4 (> 2,0 mm) 1 (> 20,0 mm) Heat Base: 18,3 Cool Base: 18,3 Method: Integration