Monthly Climatological Summary for IOYN 2012 Name: sykourio.meteoclub.gr City: LARISSA State: SYKOURIO Elevation: 153 m Lat: N 39ø 45' 27" Lon: E 022ø 34' 49" Temperature (C), Rain (mm), Wind Speed (km/h) Heat Cool Avg Mean Deg Deg Wind Dom Day Temp High Time Low Time Days Days Rain Speed High Time Dir ---------------------------------------------------------------------------------- 1 22,2 29,1 13:58 16,2 06:59 0,1 4,1 2,6 4,4 30,0 18:58 SE 2 23,2 31,1 16:58 16,7 05:15 0,3 5,6 0,0 2,9 22,0 16:42 SE 3 24,6 31,8 17:13 17,5 07:04 0,1 6,5 0,0 4,2 23,0 22:24 SSE 4 26,2 33,1 15:51 18,2 06:18 0,0 7,9 0,0 4,0 22,0 01:04 S 5 23,7 29,8 12:33 18,3 23:49 0,0 5,7 0,0 4,7 45,0 15:22 NNE 6 22,9 29,4 16:52 15,3 06:42 0,3 5,0 0,0 5,7 36,0 16:45 NE 7 25,1 30,9 16:42 19,6 06:53 0,0 6,8 0,0 4,2 22,0 14:45 SE 8 25,4 32,8 17:01 17,7 06:15 0,0 7,2 0,0 3,1 24,0 15:25 SSW 9 27,2 35,2 16:48 18,9 07:02 0,0 9,1 0,0 2,4 23,0 21:27 SSW 10 27,9 33,9 16:09 21,4 06:51 0,0 9,6 0,0 3,8 25,0 16:12 S 11 27,9 36,3 16:24 20,4 06:48 0,0 10,3 0,0 4,0 28,0 16:48 SW 12 29,1 36,5 17:33 20,2 07:11 0,0 10,9 0,0 4,4 24,0 19:53 SSE 13 30,4 38,2 16:51 21,8 05:25 0,0 12,8 0,0 4,1 28,0 14:29 ESE 14 28,0 34,2 17:38 19,3 06:28 0,0 10,0 0,0 6,3 32,0 13:24 E 15 28,7 33,3 16:46 24,5 23:29 0,0 10,8 0,0 8,3 33,0 07:02 E 16 27,1 30,9 17:07 22,8 03:42 0,0 8,9 0,0 7,5 39,0 12:29 E 17 26,1 32,4 17:22 21,2 07:06 0,0 7,9 0,0 5,7 41,0 12:14 NE 18 25,7 31,8 13:23 17,9 06:08 0,0 7,9 0,0 6,5 47,0 16:26 ENE 19 26,7 32,4 18:02 18,1 06:34 0,0 8,5 0,0 6,8 43,0 16:01 ENE 20 28,9 33,8 16:42 23,1 06:55 0,0 10,4 0,0 8,0 44,0 12:11 NE 21 28,4 34,4 13:18 22,1 04:30 0,0 10,8 0,0 7,8 40,0 16:22 ENE 22 29,3 35,8 16:52 20,3 06:55 0,0 12,5 0,0 5,0 30,0 15:17 ENE 23 29,7 36,6 16:06 22,4 05:38 0,0 12,1 0,0 5,9 29,0 12:44 ENE 24 29,4 36,3 16:16 23,4 23:56 0,0 12,0 0,0 6,5 67,0 20:38 ESE 25 27,6 34,9 17:02 20,3 05:38 0,0 9,7 0,0 3,8 30,0 20:02 SE 26 29,2 35,8 16:15 23,6 06:17 0,0 11,3 0,0 9,4 46,0 23:19 E 27 26,1 29,6 17:31 22,9 23:23 0,0 7,8 0,0 14,7 53,0 07:55 E 28 26,4 31,2 17:03 21,6 00:29 0,0 8,1 0,0 6,5 28,0 08:24 ESE 29 26,1 32,2 17:07 19,6 05:59 0,0 8,1 0,0 4,0 27,0 17:32 E 30 27,7 32,8 16:26 20,9 07:32 0,0 11,2 0,0 4,7 24,0 13:54 S ---------------------------------------------------------------------------------- 26,9 38,2 13 15,3 6 0,8 269,5 2,6 5,8 67,0 24 E Max >= 27,0: 30 Max <= 0,0: 0 Min <= 0,0: 0 Min <= -18,0: 0 Max Rain: 2,6 on day 1 Days of Rain: 1 (> 0,2 mm) 1 (> 2,0 mm) 0 (> 20,0 mm) Heat Base: 18,3 Cool Base: 18,3 Method: Integration