Monthly Climatological Summary for Iouv 2013 Name: sykourio.meteoclub.gr City: Larisa State: Sykourio Elevation: 185 m Lat: N 40° 15' 46" Lon: E 022° 58' 10" Temperature (°C), Rain (mm), Wind Speed (km/h) Heat Cool Avg Mean Deg Deg Wind Dom Day Temp High Time Low Time Days Days Rain Speed High Time Dir ---------------------------------------------------------------------------------- 1 21,1 27,5 17:59 14,6 06:38 0,9 3,8 0,0 4,6 34,0 15:34 S 2 19,7 25,1 19:07 13,6 06:42 1,0 2,4 3,1 2,8 30,0 16:14 SSW 3 21,6 29,0 16:25 13,8 06:49 0,6 4,0 0,0 3,1 25,0 17:48 E 4 22,5 29,1 15:24 16,6 04:26 0,2 4,6 0,0 4,9 30,0 20:57 ESE 5 21,4 28,5 15:49 16,1 06:32 0,3 3,5 0,0 4,7 37,0 18:27 ENE 6 22,7 28,9 17:37 16,1 07:21 0,3 4,7 0,0 3,4 22,0 22:43 SE 7 23,7 29,1 15:19 18,1 06:25 0,0 5,4 0,5 4,2 24,0 13:29 SW 8 21,8 28,5 16:54 17,1 05:10 0,2 3,8 0,5 2,8 29,0 14:10 NE 9 24,0 30,8 15:20 17,7 06:07 0,0 5,9 0,0 3,4 32,0 15:29 S 10 25,3 32,9 17:27 18,1 05:56 0,0 7,3 0,0 6,8 51,0 21:17 SE 11 22,5 28,4 11:35 18,5 23:59 0,0 4,3 6,2 5,9 44,0 23:11 E 12 20,1 26,4 13:05 14,8 06:30 0,6 2,5 0,0 5,2 33,0 15:39 ENE 13 21,5 27,0 17:51 18,2 23:35 0,0 3,3 0,5 9,8 45,0 11:59 NE 14 23,4 30,6 16:26 16,9 05:38 0,2 5,5 0,5 8,4 39,0 11:33 ENE 15 25,9 32,4 15:15 19,1 05:38 0,0 8,2 0,0 4,1 29,0 12:41 E 16 27,8 34,3 14:18 21,1 06:27 0,0 9,6 0,0 5,2 27,0 18:21 E 17 28,5 34,8 14:16 21,8 06:45 0,0 10,6 0,0 4,5 29,0 16:31 E 18 28,9 35,4 15:24 22,4 07:34 0,0 11,1 0,0 5,7 34,0 16:12 ENE 19 29,6 36,4 15:49 23,5 07:20 0,0 11,4 0,0 5,3 31,0 17:08 NE 20 29,0 34,4 17:10 23,8 07:11 0,0 10,9 0,0 4,7 28,0 17:46 SSW 21 27,6 33,1 16:55 23,2 06:25 0,0 9,4 0,0 3,9 30,0 14:43 S 22 28,0 34,8 15:42 22,4 05:31 0,0 10,1 0,0 4,9 25,0 15:19 S 23 28,9 36,0 14:39 22,4 07:06 0,0 10,7 0,0 2,4 22,0 14:08 SW 24 29,9 36,6 16:14 24,4 06:57 0,0 11,8 0,0 5,4 33,0 01:20 S 25 28,7 35,9 17:21 21,8 07:37 0,0 10,8 0,0 4,1 22,0 22:44 SSE 26 28,1 32,9 16:08 24,1 03:42 0,0 10,5 0,0 10,0 39,0 09:50 E 27 25,6 29,9 17:27 22,2 07:53 0,0 7,3 0,0 14,5 47,0 08:17 E 28 25,7 31,4 15:27 21,4 05:15 0,0 7,5 0,0 5,8 36,0 15:24 E 29 23,9 31,5 14:11 18,1 17:12 0,0 5,7 29,5 7,2 45,0 16:50 E 30 21,7 26,4 15:01 17,0 04:37 0,2 3,7 0,0 11,1 44,0 00:09 ENE ---------------------------------------------------------------------------------- 25,0 36,6 24 13,6 2 4,5 210,3 40,8 5,7 51,0 10 E Max >= 27,0: 27 Max <= 0,0: 0 Min <= 0,0: 0 Min <= -18,0: 0 Max Rain: 29,5 on day 29 Days of Rain: 7 (> 0,2 mm) 3 (> 2,0 mm) 1 (> 20,0 mm) Heat Base: 18,3 Cool Base: 18,3 Method: Integration