Monthly Climatological Summary for IOYN 2014 Name: sykourio.meteoclub.gr City: Larisa State: Sykourio Elevation: 185 m Lat: N 40° 15' 46" Lon: E 022° 58' 09" Temperature (°C), Rain (mm), Wind Speed (km/h) Heat Cool Avg Mean Deg Deg Wind Dom Day Temp High Time Low Time Days Days Rain Speed High Time Dir ---------------------------------------------------------------------------------- 1 19,7 25,6 16:36 13,9 07:35 1,0 2,5 0,0 4,5 54,0 17:45 NW 2 19,7 23,9 15:16 14,8 06:40 0,7 2,1 0,0 5,8 31,0 19:32 ENE 3 17,7 21,3 10:51 13,9 22:15 1,2 0,6 23,3 2,1 36,0 17:10 ENE 4 16,9 21,5 18:15 13,8 00:34 2,1 0,6 1,6 7,0 44,0 11:44 NE 5 21,8 28,2 16:15 13,9 07:29 0,7 4,4 0,0 5,8 34,0 19:07 NE 6 24,0 29,6 16:19 16,1 05:57 0,3 6,1 0,0 9,5 39,0 16:08 NNE 7 26,5 30,3 14:37 20,2 08:01 0,0 8,5 0,0 8,1 33,0 11:18 NE 8 25,5 29,3 14:36 22,8 21:50 0,0 7,4 0,0 9,0 47,0 15:27 NE 9 24,0 29,3 15:23 18,7 06:01 0,0 5,9 2,1 10,6 45,0 14:55 NE 10 26,8 30,7 15:27 23,5 07:19 0,0 8,8 0,0 12,7 42,0 11:26 NE 11 27,4 33,9 15:43 20,1 07:18 0,0 9,3 0,0 4,7 43,0 20:50 ENE 12 26,5 31,5 16:12 21,4 07:25 0,0 8,4 0,0 4,0 35,0 12:19 S 13 26,8 32,7 15:15 21,2 07:10 0,0 8,8 0,0 4,1 26,0 18:48 ESE 14 27,0 33,9 14:57 21,3 06:58 0,0 8,8 0,0 5,1 38,0 18:55 ESE 15 24,7 30,2 14:41 19,5 23:41 0,0 6,5 0,0 4,9 59,0 15:18 E 16 24,1 31,9 16:34 17,5 07:00 0,1 6,1 0,0 4,6 30,0 17:36 S 17 25,7 31,2 17:19 19,5 07:23 0,0 7,6 0,0 3,7 33,0 17:20 WSW 18 26,8 33,6 16:08 21,4 04:38 0,0 8,7 0,0 6,1 39,0 22:43 S 19 23,7 29,6 13:39 19,3 14:54 0,0 5,6 3,1 5,3 47,0 14:09 NE 20 22,4 27,2 17:47 17,7 07:24 0,0 4,2 1,0 7,7 30,0 15:57 NE 21 24,0 30,0 15:59 16,7 06:56 0,1 5,8 0,0 7,6 44,0 19:57 ENE 22 24,8 30,3 17:08 20,5 07:00 0,0 6,8 0,0 5,7 27,0 17:17 ESE 23 25,7 32,4 16:55 19,5 07:49 0,0 7,5 0,0 4,6 35,0 20:04 SSE 24 27,4 35,1 17:44 19,8 07:36 0,0 9,3 0,0 4,6 33,0 18:30 SSE 25 29,2 37,0 15:51 21,3 05:39 0,0 11,5 0,0 2,7 30,0 15:44 WNW 26 32,3 38,5 14:02 26,0 06:44 0,0 14,2 0,0 4,9 39,0 14:11 WSW 27 30,5 36,7 17:03 24,9 23:36 0,0 12,4 0,0 11,9 63,0 21:43 ENE 28 26,0 29,5 17:26 22,5 23:43 0,0 8,0 0,0 10,2 51,0 08:11 NE 29 25,7 31,0 16:57 20,6 05:49 0,0 7,5 0,0 4,8 28,0 16:03 SE 30 26,1 33,2 17:46 20,1 06:50 0,0 7,9 0,0 4,0 30,0 19:44 SSW ---------------------------------------------------------------------------------- 25,0 38,5 26 13,8 4 6,2 211,8 31,1 6,2 63,0 27 ENE Max >= 27,0: 26 Max <= 0,0: 0 Min <= 0,0: 0 Min <= -18,0: 0 Max Rain: 23,3 on day 3 Days of Rain: 5 (> 0,2 mm) 3 (> 2,0 mm) 1 (> 20,0 mm) Heat Base: 18,3 Cool Base: 18,3 Method: Integration