Monthly Climatological Summary for IOY 2015 Name: sykourio.meteoclub.gr City: Larisa State: Sykourio Elevation: 185 m Lat: N 40° 15' 46" Lon: E 022° 58' 09" Temperature (°C), Rain (mm), Wind Speed (km/h) Heat Cool Avg Mean Deg Deg Wind Dom Day Temp High Time Low Time Days Days Rain Speed High Time Dir ---------------------------------------------------------------------------------- 1 21,8 28,1 16:18 15,9 07:07 0,3 3,9 0,0 4,6 40,0 14:50 ESE 2 22,5 27,3 16:15 17,9 03:54 0,0 4,5 0,0 9,9 42,0 15:22 ENE 3 23,0 27,9 14:51 17,6 05:13 0,0 4,9 0,0 9,0 43,0 15:04 NNE 4 24,5 31,1 16:50 16,6 07:26 0,2 6,5 0,0 9,0 50,0 21:43 NE 5 24,5 29,3 14:57 19,3 06:43 0,0 6,3 0,0 10,0 41,0 14:24 NNE 6 24,4 29,4 14:54 20,1 06:29 0,0 6,5 0,0 12,4 46,0 15:18 NE 7 19,7 24,3 00:00 16,2 20:17 0,5 2,0 4,1 6,5 42,0 00:10 NE 8 19,5 22,9 15:48 16,3 01:45 0,6 1,7 1,0 4,3 32,0 15:48 ENE 9 21,5 28,4 15:26 16,8 06:26 0,2 3,5 0,0 4,8 36,0 17:40 ENE 10 23,2 29,1 16:30 16,4 06:42 0,1 5,1 0,0 9,9 41,0 16:57 NE 11 25,3 29,6 18:01 20,4 07:47 0,0 7,1 0,0 9,3 33,0 14:52 NE 12 26,0 31,5 15:08 20,6 06:24 0,0 7,9 0,0 6,7 33,0 14:48 ENE 13 26,9 33,1 17:34 21,2 07:36 0,0 9,1 0,0 4,5 27,0 17:59 E 14 27,9 35,1 16:05 20,5 07:30 0,0 9,8 0,0 5,2 30,0 19:05 SSE 15 29,4 36,5 17:07 21,9 07:14 0,0 11,7 0,0 5,6 32,0 17:37 S 16 28,9 35,1 13:19 21,3 07:20 0,0 10,9 0,0 9,5 39,0 17:11 NNE 17 27,7 33,9 15:09 20,8 20:56 0,0 9,7 1,0 10,8 58,0 20:49 E 18 20,3 24,8 17:45 16,6 08:47 0,2 2,3 40,4 9,3 48,0 09:38 NE 19 21,2 25,9 15:27 16,8 04:15 0,3 3,2 3,1 4,8 27,0 11:52 N 20 23,6 29,4 15:38 19,2 05:16 0,0 5,8 0,0 6,2 30,0 16:25 ESE 21 21,1 25,4 11:44 18,8 07:25 0,0 3,3 1,0 13,2 51,0 14:23 ENE 22 19,9 24,9 14:37 15,5 04:37 0,6 2,3 4,7 7,0 15,0 14:37 NE 23 22,0 28,2 17:37 15,3 06:55 0,6 4,3 0,0 5,6 26,0 15:31 ESE 24 24,2 31,8 17:17 17,2 07:00 0,0 5,8 0,0 4,6 20,0 11:41 ENE 25 24,3 29,4 14:01 12,2 20:13 0,0 5,8 0,0 13,9 48,0 21:45 ENE 26 22,9 26,8 15:22 19,9 06:28 0,0 4,5 0,0 16,8 48,0 07:16 ENE 27 21,7 28,8 18:11 17,9 10:19 0,0 3,4 0,0 12,7 42,0 06:23 NE 28 22,0 27,8 12:30 16,8 06:45 0,1 3,7 0,0 3,4 32,0 16:21 N 29 22,3 28,5 14:22 16,0 05:59 0,3 4,3 0,0 0,9 23,0 16:24 S 30 20,8 25,9 12:33 17,5 15:44 0,1 2,6 52,2 2,5 32,0 15:30 NNE ---------------------------------------------------------------------------------- 23,4 36,5 15 12,2 25 4,1 162,4 107,5 7,7 58,0 17 ENE Max >= 27,0: 22 Max <= 0,0: 0 Min <= 0,0: 0 Min <= -18,0: 0 Max Rain: 52,2 on day 30 Days of Rain: 8 (> 0,2 mm) 5 (> 2,0 mm) 2 (> 20,0 mm) Heat Base: 18,3 Cool Base: 18,3 Method: Integration