Monthly Climatological Summary for IOYL 2012 Name: sykourio.meteoclub.gr City: LARISA State: SYKOURIO Elevation: 153 m Lat: N 39° 45' 27" Lon: E 022° 34' 49" Temperature (°C), Rain (mm), Wind Speed (km/h) Heat Cool Avg Mean Deg Deg Wind Dom Day Temp High Time Low Time Days Days Rain Speed High Time Dir ---------------------------------------------------------------------------------- 1 27,3 33,3 18:31 22,3 07:49 0,0 9,3 0,0 5,0 36,0 15:13 NE 2 26,8 32,6 12:47 21,3 05:23 0,0 8,6 0,0 4,8 33,0 16:46 NE 3 26,7 32,9 13:27 20,9 06:13 0,0 8,4 0,0 5,3 28,0 15:04 SSE 4 26,9 34,3 16:56 19,1 06:41 0,0 8,9 0,0 5,0 30,0 22:55 SE 5 28,9 36,5 16:50 20,1 06:25 0,0 11,1 0,0 4,3 25,0 00:04 SE 6 30,3 36,9 17:13 22,8 07:03 0,0 12,4 0,0 3,5 31,0 23:59 S 7 29,6 36,4 15:49 24,2 06:44 0,0 11,3 0,0 3,6 35,0 00:02 SE 8 30,2 37,3 16:44 22,5 07:53 0,0 12,6 0,0 7,1 31,0 15:05 E 9 31,5 37,7 14:10 24,3 06:30 0,0 13,5 0,0 5,0 35,0 17:52 ESE 10 31,7 38,9 17:06 25,0 07:11 0,0 13,8 0,0 4,4 29,0 22:00 S 11 31,8 38,9 16:10 25,3 07:01 0,0 14,1 0,0 4,2 37,0 02:30 E 12 32,4 39,9 16:42 23,8 06:50 0,0 14,3 0,0 3,4 22,0 14:46 SSE 13 31,8 36,8 17:13 25,9 06:00 0,0 14,0 0,0 6,0 39,0 08:11 ESE 14 31,0 37,5 16:52 24,3 07:19 0,0 13,0 0,0 3,8 23,0 15:50 SW 15 32,2 39,9 16:59 25,5 07:46 0,0 14,3 0,0 2,4 21,0 16:21 SW 16 33,2 41,9 17:14 25,1 06:38 0,0 15,2 0,0 7,5 51,0 22:46 ESE 17 28,9 33,3 16:57 25,1 23:55 0,0 10,9 0,0 12,3 51,0 07:34 ESE 18 27,4 31,8 13:37 23,8 04:24 0,0 9,3 0,0 11,0 51,0 10:51 E 19 27,3 32,3 13:03 20,4 05:37 0,0 9,2 0,0 4,8 32,0 14:59 SSW 20 28,4 34,8 16:50 20,0 07:20 0,0 10,4 0,0 4,5 33,0 22:07 SE 21 29,8 36,9 16:35 22,1 06:42 0,0 11,6 0,0 3,6 22,0 15:53 SSE 22 30,1 37,1 16:01 22,1 07:26 0,0 11,8 0,0 4,8 29,0 14:55 N 23 29,6 35,3 13:22 24,4 02:41 0,0 11,5 0,0 9,6 44,0 08:04 ENE 24 29,1 34,2 16:28 26,0 02:25 0,0 11,1 0,0 6,3 37,0 12:38 SE 25 29,5 35,8 16:49 23,0 05:42 0,0 11,6 0,0 3,3 26,0 16:36 SSW 26 30,8 36,6 16:40 23,1 06:34 0,0 13,3 0,0 3,6 24,0 16:26 SSE 27 31,2 36,1 13:08 27,4 23:59 0,0 13,3 0,0 9,2 50,0 09:02 E 28 30,3 36,4 16:01 23,3 05:04 0,0 12,4 0,0 4,1 40,0 12:09 NE 29 31,9 37,8 14:45 24,7 07:23 0,0 15,2 0,0 5,6 26,0 08:53 SE 30 32,3 38,4 16:48 24,9 06:49 0,0 15,0 0,0 4,1 32,0 13:26 E 31 31,6 36,6 16:29 27,3 02:23 0,0 13,7 0,0 8,8 35,0 05:58 E ---------------------------------------------------------------------------------- 30,0 41,9 16 19,1 4 0,0 375,1 0,0 5,5 51,0 16 ESE Max >= 27,0: 31 Max <= 0,0: 0 Min <= 0,0: 0 Min <= -18,0: 0 Max Rain: 0,0 on day 0 Days of Rain: 0 (> 0,2 mm) 0 (> 2,0 mm) 0 (> 20,0 mm) Heat Base: 18,3 Cool Base: 18,3 Method: Integration