Monthly Climatological Summary for Ιουλ 2013 Name: sykourio.meteoclub.gr City: Larisa State: Sykourio Elevation: 185 m Lat: N 40° 15' 46" Lon: E 022° 58' 10" Temperature (°C), Rain (mm), Wind Speed (km/h) Heat Cool Avg Mean Deg Deg Wind Dom Day Temp High Time Low Time Days Days Rain Speed High Time Dir ---------------------------------------------------------------------------------- 1 23,5 29,5 16:11 16,1 06:49 0,2 5,5 0,0 8,1 39,0 15:29 ENE 2 25,7 30,8 16:49 21,6 23:28 0,0 8,0 0,0 7,9 35,0 00:21 NE 3 25,7 31,3 17:34 21,1 06:55 0,0 8,2 0,0 4,7 30,0 18:32 SE 4 25,5 31,5 16:06 20,8 05:34 0,0 7,4 0,0 3,6 24,0 17:08 SSE 5 25,9 30,9 14:38 19,6 08:49 0,0 8,4 0,5 6,8 44,0 08:22 ENE 6 27,0 30,8 17:43 23,4 06:56 0,0 9,0 0,0 11,5 39,0 13:27 NE 7 27,2 32,2 17:01 22,1 01:49 0,0 9,0 0,0 11,4 46,0 00:53 ENE 8 28,0 32,8 17:07 24,2 03:53 0,0 9,8 0,0 12,1 40,0 15:00 NE 9 28,5 33,5 15:49 23,6 05:59 0,0 10,2 0,0 7,3 35,0 14:19 ENE 10 26,4 32,2 14:52 22,1 05:43 0,0 8,2 0,0 5,9 49,0 00:27 E 11 26,2 33,0 15:33 19,8 07:32 0,0 8,2 0,0 3,2 24,0 20:05 S 12 25,5 32,8 14:27 20,0 23:05 0,0 7,4 15,0 7,6 46,0 20:06 E 13 25,2 32,0 16:46 17,7 07:53 0,1 7,2 0,0 6,1 29,0 13:25 ENE 14 28,1 32,1 16:46 24,8 07:29 0,0 10,1 0,0 13,3 44,0 14:02 ENE 15 27,8 32,0 15:39 24,3 23:54 0,0 9,9 0,0 11,9 46,0 09:42 ENE 16 26,9 31,0 15:22 23,7 02:50 0,0 8,6 0,0 16,0 46,0 21:45 ENE 17 22,2 27,5 16:59 16,4 08:21 0,2 4,3 16,0 5,2 41,0 00:13 E 18 25,1 30,7 16:22 19,6 06:41 0,0 6,9 0,0 6,1 27,0 22:14 SE 19 25,6 31,3 16:17 20,9 06:30 0,0 7,5 0,0 3,5 27,0 16:05 S 20 26,2 32,3 15:11 20,3 07:54 0,0 8,0 0,0 5,2 28,0 18:31 ENE 21 26,1 33,2 15:32 19,8 08:01 0,0 8,1 0,0 3,4 26,0 00:22 ENE 22 22,8 27,0 17:07 18,4 09:12 0,0 4,7 18,1 2,4 24,0 23:23 SE 23 25,0 30,9 17:42 19,9 06:51 0,0 6,7 0,0 4,2 25,0 22:05 SE 24 27,1 33,9 16:11 19,4 07:20 0,0 9,0 0,0 4,0 28,0 14:07 E 25 28,7 35,6 15:33 21,3 07:27 0,0 10,7 0,0 4,5 26,0 00:30 E 26 30,1 35,6 14:55 24,8 09:42 0,0 11,9 0,0 9,0 36,0 13:51 ENE 27 30,0 34,8 16:16 24,8 03:49 0,0 11,8 0,0 8,5 40,0 09:51 ENE 28 28,4 33,8 17:15 22,8 08:04 0,0 10,8 0,0 5,7 26,0 19:23 SE 29 29,3 35,8 16:29 22,3 07:29 0,0 11,2 0,0 4,6 24,0 22:55 ESE 30 30,4 38,2 16:17 23,8 07:13 0,0 12,5 0,0 2,3 24,0 15:51 S 31 29,7 32,6 17:32 27,4 02:26 0,0 11,7 0,0 19,2 55,0 11:30 ENE ---------------------------------------------------------------------------------- 26,8 38,2 30 16,1 1 0,5 270,9 49,6 7,3 55,0 31 E Max >= 27,0: 31 Max <= 0,0: 0 Min <= 0,0: 0 Min <= -18,0: 0 Max Rain: 18,1 on day 22 Days of Rain: 4 (> 0,2 mm) 3 (> 2,0 mm) 0 (> 20,0 mm) Heat Base: 18,3 Cool Base: 18,3 Method: Integration