Monthly Climatological Summary for Ιουλ 2014 Name: sykourio.meteoclub.gr City: Larisa State: Sykourio Elevation: 185 m Lat: N 40° 15' 46" Lon: E 022° 58' 09" Temperature (°C), Rain (mm), Wind Speed (km/h) Heat Cool Avg Mean Deg Deg Wind Dom Day Temp High Time Low Time Days Days Rain Speed High Time Dir ---------------------------------------------------------------------------------- 1 27,4 32,8 16:42 22,4 06:46 0,0 9,2 0,0 9,0 42,0 19:07 ENE 2 27,7 32,3 17:20 23,3 23:24 0,0 9,4 0,0 6,5 42,0 00:09 ESE 3 27,3 33,3 16:53 21,2 05:43 0,0 9,5 0,0 9,7 63,0 23:02 ENE 4 25,7 29,6 17:44 21,8 23:44 0,0 7,5 0,0 20,4 61,0 00:35 NE 5 24,7 30,1 16:30 19,4 06:54 0,0 6,4 0,0 4,7 30,0 15:01 SSE 6 26,3 32,4 15:58 20,8 06:32 0,0 8,2 0,0 4,3 25,0 16:42 S 7 27,6 33,8 17:33 21,4 06:53 0,0 9,6 0,0 3,7 26,0 15:07 SE 8 28,7 35,8 16:46 22,4 07:16 0,0 10,7 0,0 4,6 34,0 19:41 S 9 28,8 35,6 14:48 22,3 08:33 0,0 10,7 0,0 6,3 43,0 18:11 SW 10 28,3 34,3 17:44 21,3 07:35 0,0 10,2 0,0 6,4 35,0 15:24 SW 11 26,5 31,2 16:27 22,3 07:37 0,0 8,4 0,0 7,2 49,0 16:58 SW 12 25,3 30,6 18:43 19,3 06:53 0,0 7,1 0,0 3,8 31,0 15:23 ESE 13 26,9 32,8 17:41 20,1 05:40 0,0 8,7 0,0 7,3 32,0 22:46 S 14 26,6 33,1 17:09 20,4 07:00 0,0 9,1 0,0 4,5 26,0 12:58 ESE 15 21,5 25,3 00:36 17,6 08:10 0,0 3,3 54,4 5,3 58,0 07:54 ENE 16 23,5 28,6 15:42 18,3 00:59 0,0 5,4 0,0 6,5 36,0 12:22 NNE 17 25,0 29,6 15:25 20,7 05:31 0,0 6,9 0,0 5,3 28,0 00:34 ENE 18 25,7 31,2 16:18 19,8 07:31 0,0 7,5 0,0 3,6 28,0 14:13 ENE 19 27,1 31,3 15:09 21,2 07:22 0,0 9,0 0,0 6,1 32,0 16:33 NE 20 27,2 32,3 16:44 23,3 06:35 0,0 9,1 0,0 3,9 31,0 17:19 NNE 21 28,2 34,5 17:17 22,5 07:19 0,0 10,2 0,0 2,9 21,0 12:44 S 22 28,2 34,6 15:18 23,6 05:31 0,0 10,1 0,0 8,9 44,0 21:38 ESE 23 25,4 30,8 13:51 22,2 07:16 0,0 7,3 0,0 6,2 47,0 16:54 ENE 24 26,0 32,0 16:12 19,8 07:20 0,0 8,3 0,0 3,3 30,0 14:06 ENE 25 27,1 31,8 16:24 21,9 06:40 0,0 8,9 0,0 2,6 24,0 16:01 SSW 26 27,7 32,9 16:37 22,1 06:02 0,0 9,7 0,0 3,5 24,0 17:03 SSE 27 28,8 35,2 16:50 23,9 07:43 0,0 11,0 0,0 5,4 36,0 19:43 SE 28 28,7 35,1 16:52 23,1 06:44 0,0 10,5 0,0 3,3 32,0 15:57 SW 29 28,7 34,6 16:39 22,9 06:13 0,0 11,1 0,0 2,9 26,0 14:10 SE 30 29,4 36,4 16:09 23,4 07:25 0,0 11,4 0,0 3,8 35,0 13:12 S 31 28,7 34,7 16:27 23,6 07:04 0,0 10,8 0,0 3,2 27,0 17:51 SSW ---------------------------------------------------------------------------------- 26,9 36,4 30 17,6 15 0,0 275,2 54,4 5,7 63,0 3 ESE Max >= 27,0: 30 Max <= 0,0: 0 Min <= 0,0: 0 Min <= -18,0: 0 Max Rain: 54,4 on day 15 Days of Rain: 1 (> 0,2 mm) 1 (> 2,0 mm) 1 (> 20,0 mm) Heat Base: 18,3 Cool Base: 18,3 Method: Integration