Monthly Climatological Summary for ioul 2015 Name: sykourio.meteoclub.gr City: Larisa State: Sykourio Elevation: 185 m Lat: N 40° 15' 46" Lon: E 022° 58' 09" Temperature (°C), Rain (mm), Wind Speed (km/h) Heat Cool Avg Mean Deg Deg Wind Dom Day Temp High Time Low Time Days Days Rain Speed High Time Dir ---------------------------------------------------------------------------------- 1 20,6 26,3 17:16 16,5 06:08 0,3 2,6 0,5 4,6 33,0 22:02 ENE 2 23,4 29,8 16:20 15,7 06:45 0,3 5,4 0,0 1,8 19,0 14:28 NNE 3 27,0 30,5 15:55 22,9 22:30 0,0 5,9 0,0 4,8 21,0 07:53 SSW 4 24,9 29,9 16:06 20,3 05:56 0,0 6,9 0,0 6,7 32,0 15:17 ENE 5 25,4 31,4 16:09 18,8 06:46 0,0 7,2 0,0 5,2 30,0 12:22 ENE 6 26,5 33,3 17:04 19,9 06:41 0,0 10,7 0,0 7,5 31,0 16:39 NE 7 28,6 33,8 16:29 22,9 06:42 0,0 10,4 0,0 9,4 39,0 14:40 ENE 8 28,0 34,1 14:37 21,4 06:26 0,0 10,1 0,0 9,9 40,0 17:22 NE 9 28,4 35,2 16:25 21,3 07:12 0,0 10,5 0,0 4,9 25,0 00:39 E 10 26,8 32,4 15:26 22,9 23:31 0,0 8,7 0,0 13,0 44,0 17:51 NE 11 26,2 30,5 15:56 21,5 01:56 0,0 7,9 0,0 5,3 21,0 02:56 ESE 12 26,3 31,8 18:14 20,6 06:56 0,0 8,0 0,0 5,4 25,0 16:58 S 13 26,5 32,9 15:48 19,7 07:05 0,0 8,5 0,0 5,8 27,0 19:16 S 14 27,7 32,9 17:17 22,2 06:31 0,0 9,6 0,0 9,6 53,0 22:47 ENE 15 28,6 31,8 17:37 25,5 06:37 0,0 10,1 0,0 9,0 26,0 03:37 ENE 16 28,7 33,9 15:47 22,6 03:37 0,0 10,3 0,0 14,9 41,0 17:07 ENE 17 29,3 33,8 16:47 23,4 07:15 0,0 8,3 0,0 6,3 36,0 14:24 NNE 18 29,9 34,1 15:25 22,5 07:05 0,0 8,1 0,0 6,1 40,0 14:31 NNW 19 27,9 34,1 17:28 21,8 06:59 0,0 10,2 0,0 9,0 43,0 14:41 NE 20 29,6 35,6 16:40 23,2 07:23 0,0 11,3 0,0 5,5 28,0 18:35 SE 21 30,6 36,9 15:33 23,6 06:41 0,0 12,3 0,0 6,4 35,0 12:36 NE 22 29,9 34,5 15:42 25,2 06:10 0,0 11,4 0,0 7,3 40,0 16:03 NE 23 27,9 33,2 16:34 22,1 07:25 0,0 9,4 0,0 7,0 41,0 14:49 NE 24 27,8 34,2 16:18 20,9 06:42 0,0 9,5 0,0 4,5 26,0 16:28 S 25 29,0 35,6 16:02 22,4 07:15 0,0 10,8 0,0 5,3 25,0 19:21 S 26 29,3 36,4 16:23 22,5 06:37 0,0 11,8 0,0 5,6 27,0 13:41 SSE 27 30,7 36,9 17:23 24,3 06:06 0,0 12,4 0,0 5,4 32,0 19:43 SSE 28 31,1 37,6 16:13 24,3 07:16 0,0 12,8 0,0 5,3 26,0 14:51 ESE 29 31,9 37,8 16:30 24,9 06:21 0,0 13,5 0,0 5,6 25,0 15:17 SSE 30 32,4 38,7 17:15 24,5 06:55 0,0 13,9 0,0 4,0 22,0 16:11 SE 31 31,1 37,4 14:52 23,8 22:58 0,0 13,0 6,0 7,9 81,0 21:45 ENE ---------------------------------------------------------------------------------- 28,1 38,7 30 15,7 2 0,6 301,5 6,5 6,6 81,0 31 ENE Max >= 27,0: 30 Max <= 0,0: 0 Min <= 0,0: 0 Min <= -18,0: 0 Max Rain: 6,0 on day 31 Days of Rain: 2 (> 0,2 mm) 1 (> 2,0 mm) 0 (> 20,0 mm) Heat Base: 18,3 Cool Base: 18,3 Method: Integration