Monthly Climatological Summary for AYG 2012 Name: sykourio.meteoclub.gr City: LARISA State: SYKOURIO Elevation: 153 m Lat: N 39° 45' 27" Lon: E 022° 34' 49" Temperature (°C), Rain (mm), Wind Speed (km/h) Heat Cool Avg Mean Deg Deg Wind Dom Day Temp High Time Low Time Days Days Rain Speed High Time Dir ---------------------------------------------------------------------------------- 1 25,9 32,7 13:23 21,3 23:59 0,0 7,9 0,5 4,4 52,0 06:09 E 2 24,8 31,1 16:37 19,4 05:24 0,0 6,6 0,0 3,9 30,0 22:40 ENE 3 28,0 36,3 15:09 19,9 05:44 0,0 9,7 0,0 3,6 26,0 00:09 E 4 30,2 36,8 16:00 22,8 07:27 0,0 11,9 0,0 7,3 33,0 15:06 E 5 31,5 38,9 15:51 23,9 07:58 0,0 16,0 0,0 5,3 30,0 16:24 ESE 6 32,1 39,1 15:09 23,9 06:20 0,0 14,2 0,0 3,7 26,0 21:18 ESE 7 33,3 40,1 16:46 25,4 07:28 0,0 17,1 0,0 5,8 37,0 13:41 ENE 8 33,3 39,5 15:41 25,4 07:43 0,0 16,9 0,0 5,0 33,0 09:46 SSE 9 31,5 36,4 16:44 26,5 05:35 0,0 13,3 0,0 4,6 31,0 12:32 WNW 10 27,8 34,8 14:40 22,5 22:47 0,0 9,7 1,0 6,8 52,0 06:22 E 11 24,2 31,9 14:05 18,9 06:32 0,0 6,0 0,5 4,2 33,0 17:33 ESE 12 25,2 31,8 15:11 20,0 00:11 0,0 7,1 0,0 5,0 26,0 07:52 E 13 26,8 33,8 16:15 21,8 05:23 0,0 8,7 0,0 2,9 23,0 18:24 ENE 14 27,4 34,1 16:46 20,1 07:23 0,0 9,1 0,0 3,5 23,0 15:21 ESE 15 28,5 35,0 16:37 22,3 07:02 0,0 10,6 0,0 3,5 25,0 19:53 SE 16 29,3 36,6 15:01 22,2 07:25 0,0 10,8 0,0 3,2 26,0 19:48 ESE 17 28,3 33,7 14:07 22,9 07:10 0,0 10,1 0,0 7,1 37,0 14:46 E 18 26,8 33,1 17:10 20,4 06:50 0,0 8,5 0,0 3,7 50,0 14:58 ENE 19 26,1 32,1 16:42 21,0 04:40 0,0 7,9 0,0 2,8 24,0 13:44 SE 20 27,0 32,4 16:22 22,5 05:44 0,0 8,8 0,0 7,0 34,0 14:05 ENE 21 28,0 35,1 16:57 21,1 07:21 0,0 9,8 0,0 3,8 40,0 14:58 ENE 22 29,3 37,9 16:00 20,1 06:50 0,0 11,5 0,0 4,3 33,0 14:53 SSE 23 31,0 39,4 16:01 21,6 07:52 0,0 12,8 0,0 3,3 25,0 22:01 ESE 24 31,3 38,8 16:14 23,9 08:00 0,0 14,5 0,0 3,8 25,0 15:03 E 25 31,2 38,8 17:26 23,5 07:33 0,0 13,3 0,0 3,3 25,0 21:44 S 26 31,3 38,1 14:40 23,8 07:15 0,0 13,5 0,0 4,2 23,0 16:23 S 27 28,7 37,3 15:00 23,1 06:04 0,0 12,5 0,0 13,2 75,0 16:51 E 28 26,1 31,7 16:32 21,8 23:57 0,0 9,1 0,0 13,4 62,0 06:21 ENE 29 24,9 31,6 16:47 16,9 06:52 0,1 6,8 0,0 2,7 28,0 14:20 SW 30 25,7 31,8 15:47 19,3 08:03 0,0 7,6 0,0 3,6 24,0 14:58 SSE 31 25,8 32,0 16:44 19,3 07:36 0,0 7,7 0,0 3,0 24,0 14:26 SSW ---------------------------------------------------------------------------------- 28,4 40,1 7 16,9 29 0,1 330,0 2,0 4,9 75,0 27 ESE Max >= 27,0: 31 Max <= 0,0: 0 Min <= 0,0: 0 Min <= -18,0: 0 Max Rain: 1,0 on day 10 Days of Rain: 3 (> 0,2 mm) 0 (> 2,0 mm) 0 (> 20,0 mm) Heat Base: 18,3 Cool Base: 18,3 Method: Integration