Monthly Climatological Summary for AYG 2013 Name: sykourio.meteoclub.gr City: Larisa State: Sykourio Elevation: 185 m Lat: N 40° 15' 46" Lon: E 022° 58' 10" Temperature (°C), Rain (mm), Wind Speed (km/h) Heat Cool Avg Mean Deg Deg Wind Dom Day Temp High Time Low Time Days Days Rain Speed High Time Dir ---------------------------------------------------------------------------------- 1 28,4 31,8 14:05 24,8 23:57 0,0 10,3 0,0 9,1 55,0 00:02 E 2 27,3 32,8 15:05 21,9 07:08 0,0 9,7 0,0 4,3 25,0 21:37 SE 3 28,5 34,3 15:36 23,1 07:47 0,0 10,3 0,0 4,1 30,0 17:58 NE 4 29,9 37,0 15:36 22,1 07:39 0,0 11,8 0,0 5,6 33,0 17:39 ENE 5 28,1 32,9 18:19 24,6 07:36 0,0 10,0 0,0 4,6 37,0 15:16 ENE 6 28,0 33,3 16:06 23,5 05:52 0,0 9,8 0,0 7,6 35,0 14:09 ENE 7 28,4 34,2 16:20 23,1 06:41 0,0 10,2 0,0 4,4 34,0 15:08 NE 8 28,3 34,3 16:06 23,3 07:31 0,0 11,4 0,0 7,3 44,0 16:38 ENE 9 28,1 34,5 14:36 21,4 07:02 0,0 10,2 0,0 3,5 30,0 14:49 SSW 10 27,6 33,1 13:58 21,9 07:35 0,0 9,5 0,0 2,0 30,0 22:37 ENE 11 27,9 33,5 17:07 22,3 05:03 0,0 9,9 0,0 6,1 35,0 17:21 ENE 12 28,1 33,0 16:00 22,8 06:05 0,0 10,1 0,0 4,1 27,0 16:06 S 13 29,0 35,1 16:24 21,6 07:38 0,0 11,4 0,0 4,7 26,0 00:12 SE 14 29,1 34,8 16:24 22,9 07:24 0,0 10,8 0,0 5,8 19,0 00:00 NE 15 29,0 34,4 14:24 23,3 06:24 0,0 10,7 0,0 4,7 26,0 16:24 ENE 16 28,7 33,4 16:47 23,8 06:24 0,0 12,0 0,0 9,8 39,0 10:37 NNE 17 28,3 33,7 14:37 24,1 05:04 0,0 10,3 0,0 8,3 40,0 17:43 ENE 18 27,4 33,1 15:34 22,1 08:09 0,0 9,5 0,0 5,1 26,0 13:53 SSE 19 27,8 33,6 14:09 22,2 07:44 0,0 9,6 0,0 4,6 30,0 15:42 E 20 27,4 33,8 17:23 20,7 05:17 0,0 9,4 0,0 4,7 35,0 16:17 E 21 26,6 30,9 15:55 22,5 06:49 0,0 8,4 0,0 8,4 40,0 14:25 NNE 22 26,2 31,4 15:21 21,3 07:10 0,0 8,2 0,0 6,3 34,0 14:59 NNE 23 26,1 32,1 15:28 19,8 07:26 0,0 8,0 0,0 4,4 26,0 13:59 S 24 27,6 33,9 16:17 21,4 07:49 0,0 9,9 0,0 3,8 23,0 12:47 S 25 27,6 33,5 15:49 22,1 07:49 0,0 10,1 0,0 4,1 30,0 00:46 E 26 27,9 34,9 16:40 21,3 07:06 0,0 10,0 0,0 2,8 19,0 19:22 SE 27 28,7 36,2 16:52 21,1 08:02 0,0 10,5 0,0 4,0 31,0 22:12 SE 28 27,7 37,4 16:20 22,1 06:18 0,0 9,7 0,0 4,9 59,0 17:45 ENE 29 27,8 34,3 17:13 21,6 05:30 0,0 9,7 0,0 4,7 28,0 20:10 ENE 30 27,5 31,9 16:11 24,3 07:40 0,0 9,3 0,0 11,4 50,0 08:02 E 31 25,5 29,1 14:50 21,1 23:01 0,0 7,3 0,0 9,3 47,0 07:10 E ---------------------------------------------------------------------------------- 27,9 37,4 28 19,8 23 0,0 308,0 0,0 5,6 59,0 28 ENE Max >= 27,0: 31 Max <= 0,0: 0 Min <= 0,0: 0 Min <= -18,0: 0 Max Rain: 0,0 on day 0 Days of Rain: 0 (> 0,2 mm) 0 (> 2,0 mm) 0 (> 20,0 mm) Heat Base: 18,3 Cool Base: 18,3 Method: Integration