Monthly Climatological Summary for Αυγ 2015 Name: sykourio.meteoclub.gr City: Larisa State: Sykourio Elevation: 185 m Lat: N 40° 15' 46" Lon: E 022° 58' 09" Temperature (°C), Rain (mm), Wind Speed (km/h) Heat Cool Avg Mean Deg Deg Wind Dom Day Temp High Time Low Time Days Days Rain Speed High Time Dir ---------------------------------------------------------------------------------- 1 28,3 33,9 15:50 22,8 04:37 0,0 10,1 0,0 5,6 31,0 13:43 SE 2 27,9 33,2 17:08 23,8 08:13 0,0 9,6 0,0 8,2 20,0 18:15 ESE 3 28,4 33,6 16:32 23,3 06:54 0,0 10,1 0,0 4,3 44,0 23:18 SSE 4 28,2 33,8 16:27 22,3 07:37 0,0 9,9 0,0 8,3 45,0 16:27 SE 5 28,7 35,4 15:15 21,4 06:01 0,0 10,3 13,9 6,0 53,0 22:57 NNE 6 26,2 33,1 16:52 20,3 06:57 0,0 7,8 3,5 5,2 46,0 23:52 NE 7 26,1 30,6 16:17 20,6 07:32 0,0 8,1 0,0 8,1 53,0 00:49 NE 8 25,1 30,9 15:28 19,9 06:56 0,0 6,8 13,9 6,7 40,0 00:38 NE 9 26,1 31,5 18:31 20,4 07:31 0,0 9,6 0,0 7,3 26,0 21:05 ESE 10 26,9 32,5 16:23 20,7 08:07 0,0 9,2 0,0 5,4 32,0 16:37 E 11 27,4 34,3 17:03 19,4 07:24 0,0 9,2 0,0 3,7 22,0 16:02 ENE 12 28,2 35,0 16:26 21,9 07:06 0,0 10,2 0,0 6,5 31,0 14:17 ENE 13 27,6 33,9 14:06 21,1 06:41 0,0 9,5 0,0 7,0 26,0 23:12 SSE 14 26,5 32,8 17:03 21,4 05:53 0,0 8,2 6,5 5,8 29,0 15:00 NE 15 27,4 34,0 17:39 21,0 06:43 0,0 9,2 0,0 7,0 39,0 13:39 ENE 16 29,1 35,4 16:05 23,1 07:44 0,0 10,9 0,0 6,0 42,0 19:54 SE 17 28,9 33,6 17:14 24,4 07:46 0,0 11,4 0,0 6,8 31,0 16:35 S 18 28,0 32,9 16:00 20,8 07:56 0,0 10,8 0,0 7,3 28,0 20:21 ESE 19 27,7 33,9 15:49 20,1 07:57 0,0 9,8 0,0 5,7 29,0 15:49 ESE 20 27,8 33,6 17:41 21,6 07:24 0,0 9,8 0,0 5,0 28,0 12:47 ENE 21 26,3 30,9 14:45 22,0 22:22 0,0 8,3 0,0 9,1 35,0 20:52 ENE 22 23,3 27,6 14:16 20,7 23:06 0,0 5,1 0,0 10,7 51,0 15:53 ENE 23 23,8 28,8 16:14 20,1 05:13 0,0 5,7 0,0 6,2 35,0 18:29 E 24 24,5 29,9 16:51 20,4 05:46 0,0 6,2 0,0 6,2 24,0 17:23 ENE 25 25,5 30,8 14:28 19,9 06:34 0,0 7,3 0,0 5,9 32,0 14:48 ESE 26 25,8 31,5 14:31 19,4 07:05 0,0 7,6 0,0 6,4 36,0 13:56 NNE 27 25,4 31,6 15:02 19,3 08:23 0,0 7,2 0,0 6,2 33,0 15:57 NNE 28 25,8 32,4 16:49 17,7 07:41 0,0 7,6 0,0 6,4 29,0 13:53 ENE 29 26,4 32,9 14:30 19,6 07:56 0,0 8,1 0,0 9,5 44,0 16:15 NE 30 27,4 33,9 14:36 19,3 08:31 0,0 9,3 0,0 8,4 37,0 13:08 NE 31 28,1 33,4 16:13 23,6 08:28 0,0 10,0 0,0 7,4 33,0 16:33 ENE ---------------------------------------------------------------------------------- 26,9 35,4 5 17,7 28 0,0 272,9 37,8 6,8 53,0 5 E Max >= 27,0: 31 Max <= 0,0: 0 Min <= 0,0: 0 Min <= -18,0: 0 Max Rain: 13,9 on day 5 Days of Rain: 4 (> 0,2 mm) 4 (> 2,0 mm) 0 (> 20,0 mm) Heat Base: 18,3 Cool Base: 18,3 Method: Integration