Monthly Climatological Summary for Αυγ 2016 Name: City: State: Elevation: 185 m Lat: N 40° 15' 46" Lon: E 022° 57' 09" Temperature (°C), Rain (mm), Wind Speed (km/h) Heat Cool Avg Mean Deg Deg Wind Dom Day Temp High Time Low Time Days Days Rain Speed High Time Dir ---------------------------------------------------------------------------------- 1 31,8 36,2 16:31 23,8 07:50 0,0 9,6 0,0 5,2 28,0 19:16 S 2 31,8 36,2 16:46 24,6 07:43 0,0 9,7 0,0 6,2 27,0 19:27 S 3 29,7 33,6 15:13 26,9 23:42 0,0 11,5 0,0 14,0 42,0 08:46 NE 4 29,3 33,6 15:53 25,9 06:37 0,0 10,7 0,0 6,8 27,0 16:00 ENE 5 30,3 34,5 16:33 23,9 07:44 0,0 8,7 0,0 5,7 28,0 15:08 SSW 6 29,4 35,2 16:26 23,6 05:37 0,0 10,8 0,0 5,3 28,0 13:53 SSW 7 31,0 34,4 15:55 26,4 00:58 0,0 8,6 0,0 9,4 37,0 15:24 NE 8 26,7 29,3 12:55 23,9 16:37 0,0 8,4 0,0 13,5 48,0 12:05 NE 9 25,8 30,1 16:20 21,4 07:41 0,0 7,6 0,0 8,9 40,0 05:39 NE 10 28,5 33,9 16:00 21,6 07:15 0,0 10,2 0,0 6,4 28,0 17:04 SE 11 31,7 36,6 17:09 22,6 07:38 0,0 9,7 0,0 5,5 31,0 18:20 SSE 12 26,4 30,1 13:22 21,3 21:27 0,0 8,1 0,5 20,4 50,0 18:37 ENE 13 22,9 26,9 17:22 17,8 10:18 0,0 3,5 0,0 14,6 51,0 09:39 NE 14 22,4 27,8 16:06 16,9 08:48 0,0 4,1 0,0 6,1 31,0 16:36 NNE 15 24,2 31,3 17:04 15,6 07:02 0,2 5,9 0,0 6,7 29,0 15:43 ENE 16 26,6 32,9 15:31 18,5 07:37 0,0 8,1 0,0 6,2 25,0 13:56 E 17 27,8 34,9 15:27 19,9 06:37 0,0 9,6 0,0 6,3 31,0 18:39 SSE 18 27,9 34,7 16:34 20,6 07:10 0,0 9,7 0,0 5,1 29,0 14:15 SSW 19 28,3 32,8 16:37 25,1 06:37 0,0 10,0 0,0 7,3 28,0 05:37 E 20 26,9 32,1 17:37 21,6 05:37 0,0 8,6 0,5 4,1 9,0 13:37 W 21 27,8 33,5 14:37 22,1 06:37 0,0 9,5 0,0 4,7 17,0 22:37 ESE 22 29,3 35,9 15:36 22,1 07:37 0,0 10,8 0,0 9,4 53,0 22:52 E 23 25,9 30,0 15:52 20,9 23:08 0,0 7,6 1,0 15,4 52,0 00:34 ENE 24 23,7 29,9 16:36 18,2 06:37 0,0 5,5 0,0 3,5 21,0 16:14 SSW 25 26,1 30,4 15:49 22,2 07:02 0,0 5,9 0,0 9,6 42,0 11:26 NNE 26 26,5 29,9 15:14 20,7 08:01 0,0 5,9 0,0 7,6 32,0 10:41 NE 27 24,8 29,3 16:13 21,2 02:37 0,0 6,4 0,0 10,5 34,0 13:40 NE 28 25,0 30,1 16:13 18,6 06:37 0,0 6,5 0,0 4,9 25,0 20:54 ENE 29 26,3 33,2 15:42 18,6 07:37 0,0 8,0 0,0 5,7 27,0 17:04 NE 30 27,4 33,6 16:40 20,9 07:37 0,0 9,2 0,0 5,8 26,0 17:27 NE 31 28,8 33,8 14:22 24,3 02:37 0,0 10,5 0,0 6,8 30,0 10:35 ENE ---------------------------------------------------------------------------------- 27,5 36,6 11 15,6 15 0,2 258,9 2,0 8,3 53,0 22 ENE Max >= 27,0: 30 Max <= 0,0: 0 Min <= 0,0: 0 Min <= -18,0: 0 Max Rain: 1,0 on day 23 Days of Rain: 3 (>= 0,2 mm) 0 (>= 2,0 mm) 0 (>= 20,0 mm) Heat Base: 18,3 Cool Base: 18,3 Method: Integration