Monthly Climatological Summary for SEP 2013 Name: sykourio.meteoclub.gr City: Larisa State: Sykourio Elevation: 185 m Lat: N 40° 15' 46" Lon: E 022° 58' 10" Temperature (°C), Rain (mm), Wind Speed (km/h) Heat Cool Avg Mean Deg Deg Wind Dom Day Temp High Time Low Time Days Days Rain Speed High Time Dir ---------------------------------------------------------------------------------- 1 24,2 29,8 15:43 18,7 07:33 0,0 6,0 0,0 3,3 25,0 17:10 S 2 23,9 27,4 18:16 21,7 23:58 0,0 5,8 0,0 4,6 26,0 09:53 ENE 3 24,9 32,4 16:30 17,3 08:11 0,1 7,1 0,0 5,2 41,0 23:55 E 4 25,9 30,6 16:45 21,1 23:59 0,0 7,9 0,0 10,6 62,0 09:11 ENE 5 23,8 30,2 16:38 16,6 07:39 0,0 5,6 0,0 2,6 22,0 11:42 SSW 6 24,6 30,2 16:01 20,1 05:11 0,0 6,5 0,0 3,2 25,0 15:10 S 7 25,4 31,0 16:31 20,9 06:49 0,0 7,1 0,0 3,5 22,0 19:55 S 8 25,5 31,0 14:18 19,8 05:20 0,0 7,7 0,0 6,0 34,0 18:47 ENE 9 24,0 30,4 17:11 18,6 08:05 0,0 6,4 0,0 2,7 31,0 14:59 SSW 10 25,4 32,2 15:49 19,3 07:11 0,0 7,4 0,0 1,7 19,0 16:24 SW 11 26,5 36,5 16:40 19,8 07:16 0,0 8,7 0,0 4,0 54,0 18:03 E 12 26,0 34,8 15:34 20,2 07:40 0,0 8,1 2,6 2,7 29,0 16:12 N 13 24,2 31,3 15:38 18,6 08:09 0,0 6,0 0,0 4,0 35,0 15:42 W 14 22,1 28,8 17:08 16,9 08:18 0,1 4,0 0,0 3,5 23,0 23:48 E 15 22,3 29,8 16:58 14,7 08:13 0,3 4,5 0,0 2,5 22,0 00:46 E 16 19,3 22,8 16:57 15,8 10:46 0,3 1,4 4,1 1,2 23,0 15:33 E 17 20,7 28,8 15:40 13,1 07:23 1,4 3,9 0,0 2,3 25,0 16:56 SW 18 23,9 29,9 16:46 19,5 06:26 0,0 5,8 0,0 3,5 28,0 15:25 ENE 19 22,6 30,4 17:02 15,0 07:34 0,4 4,7 0,0 1,9 21,0 00:28 E 20 22,5 27,6 15:27 19,3 21:00 0,0 4,4 0,0 9,4 40,0 11:48 E 21 22,5 26,6 16:47 19,4 06:29 0,0 4,2 0,0 11,4 48,0 23:53 ENE 22 21,0 25,1 14:48 16,8 23:21 0,1 2,8 0,0 12,2 46,0 00:37 ENE 23 19,9 25,2 16:31 14,8 07:42 0,7 2,4 0,0 3,8 24,0 22:50 ESE 24 21,4 27,7 16:43 14,7 08:15 0,3 3,4 0,0 3,1 26,0 20:28 ENE 25 23,0 30,9 16:49 14,9 08:09 0,2 5,0 0,0 1,8 20,0 20:22 E 26 23,5 30,8 16:00 15,9 07:35 0,2 5,7 0,0 2,0 21,0 22:20 ESE 27 22,6 30,2 15:22 14,7 07:54 0,4 4,9 0,0 3,7 29,0 14:47 ENE 28 22,9 29,8 15:36 16,6 07:55 0,1 4,8 0,0 2,0 25,0 18:13 NE 29 22,6 30,1 16:19 16,8 08:10 0,1 4,5 0,0 1,1 17,0 15:04 SW 30 22,8 31,4 13:54 17,3 23:24 0,1 4,6 5,2 4,6 52,0 18:06 S ---------------------------------------------------------------------------------- 23,3 36,5 11 13,1 17 4,8 161,3 11,9 4,1 62,0 4 E Max >= 27,0: 26 Max <= 0,0: 0 Min <= 0,0: 0 Min <= -18,0: 0 Max Rain: 5,2 on day 30 Days of Rain: 3 (> 0,2 mm) 3 (> 2,0 mm) 0 (> 20,0 mm) Heat Base: 18,3 Cool Base: 18,3 Method: Integration