Monthly Climatological Summary for Σεπ 2012 Name: sykourio.meteoclub.gr City: LARISA State: SYKOYRIO Elevation: 185 m Lat: N 39° 45' 27" Lon: E 022° 34' 49" Temperature (°C), Rain (mm), Wind Speed (km/h) Heat Cool Avg Mean Deg Deg Wind Dom Day Temp High Time Low Time Days Days Rain Speed High Time Dir ---------------------------------------------------------------------------------- 1 25,2 32,9 14:49 17,1 07:41 0,0 7,2 0,0 3,8 23,0 00:03 ESE 2 24,4 31,9 15:42 16,9 08:19 0,2 6,4 0,0 2,5 23,0 00:01 ESE 3 23,9 32,0 16:05 17,9 07:22 0,0 5,7 0,5 3,7 32,0 19:49 ESE 4 23,3 29,6 16:28 17,6 08:05 0,0 5,3 0,0 5,5 35,0 12:17 ENE 5 22,9 30,2 14:43 16,3 09:00 0,2 4,9 0,0 4,9 31,0 16:31 E 6 22,1 29,3 15:21 15,4 07:46 0,3 4,2 0,0 3,1 27,0 19:57 ESE 7 22,6 30,5 16:51 14,9 07:48 0,5 4,8 0,0 2,0 19,0 19:44 ESE 8 22,0 27,1 14:11 16,8 08:20 0,0 3,8 0,0 15,7 51,0 16:02 ESE 9 18,9 21,6 11:40 16,7 07:50 0,3 1,0 0,0 5,0 49,0 00:36 E 10 18,9 24,9 12:24 15,8 07:25 0,6 1,2 0,0 2,5 25,0 15:52 ENE 11 20,0 25,6 15:50 15,9 07:49 0,5 2,3 0,0 3,0 20,0 20:16 SSE 12 20,8 27,5 15:38 15,4 07:29 0,5 3,1 0,0 3,5 21,0 13:44 S 13 22,3 29,1 15:26 17,0 07:34 0,1 4,2 0,0 2,9 18,0 00:45 SSW 14 21,8 28,3 11:49 18,1 23:48 0,0 3,7 0,0 2,4 22,0 14:30 W 15 18,1 22,6 16:52 14,3 08:28 1,0 0,8 8,4 2,5 56,0 11:32 SE 16 18,8 25,9 13:37 13,3 07:37 1,2 1,7 4,1 1,4 40,0 18:09 E 17 21,9 29,3 13:53 15,4 07:25 0,5 4,4 0,0 3,0 27,0 22:03 E 18 21,4 27,8 15:08 16,3 08:20 0,2 3,8 0,0 4,5 30,0 00:44 E 19 20,2 27,3 15:20 14,1 07:50 0,7 2,6 0,0 2,3 22,0 23:59 ESE 20 20,4 27,1 15:17 13,6 08:18 0,8 3,0 0,0 3,2 26,0 21:41 E 21 19,2 24,1 15:31 16,1 07:46 0,8 1,7 0,0 5,9 27,0 21:53 E 22 17,3 23,8 13:40 11,6 07:13 2,1 1,0 0,0 3,3 28,0 14:09 E 23 18,5 22,8 14:43 15,3 06:14 0,7 0,9 0,0 7,2 35,0 10:31 ENE 24 16,6 21,8 15:48 14,4 07:26 2,2 0,4 6,7 4,7 27,0 22:56 E 25 16,1 22,4 16:33 9,9 07:28 2,9 0,6 0,0 3,9 29,0 20:50 E 26 16,8 25,2 16:21 9,9 07:40 2,8 1,2 0,0 2,8 23,0 19:09 E 27 15,1 16,9 10:07 12,1 08:35 3,2 0,0 7,3 0,7 17,0 00:47 E 28 22,0 25,2 11:49 13,8 01:15 0,5 4,2 2,6 10,0 48,0 22:45 SSE 29 19,7 24,2 15:24 15,5 23:15 0,5 1,9 9,3 5,8 44,0 00:03 S 30 15,1 20,8 13:55 11,3 04:16 3,4 0,2 0,5 5,1 31,0 05:33 NE 31 13,7 20,2 13:49 7,9 06:26 4,9 0,1 0,0 2,5 20,0 18:45 E ---------------------------------------------------------------------------------- 20,0 32,9 1 7,9 31 31,6 86,3 39,4 4,2 56,0 15 ESE Max >= 27,0: 15 Max <= 0,0: 0 Min <= 0,0: 0 Min <= -18,0: 0 Max Rain: 9,3 on day 29 Days of Rain: 8 (> 0,2 mm) 6 (> 2,0 mm) 0 (> 20,0 mm) Heat Base: 18,3 Cool Base: 18,3 Method: Integration