Monthly Climatological Summary for Okt 2013 Name: sykourio.meteoclub.gr City: Larisa State: Sykourio Elevation: 185 m Lat: N 40° 15' 46" Lon: E 022° 58' 10" Temperature (°C), Rain (mm), Wind Speed (km/h) Heat Cool Avg Mean Deg Deg Wind Dom Day Temp High Time Low Time Days Days Rain Speed High Time Dir ---------------------------------------------------------------------------------- 1 20,0 26,2 13:46 15,9 08:17 0,5 2,2 0,5 5,1 48,0 20:13 E 2 17,7 21,6 14:36 14,8 23:34 1,1 0,5 0,0 6,3 35,0 00:05 E 3 14,8 17,8 15:46 13,1 08:00 3,6 0,0 0,5 11,3 50,0 09:41 E 4 12,5 17,0 15:48 9,9 07:18 5,9 0,0 0,0 10,6 51,0 07:35 E 5 13,1 18,4 16:34 8,3 07:57 5,2 0,0 0,0 1,9 19,0 00:14 SE 6 13,3 16,7 17:50 10,6 03:53 5,0 0,0 0,0 3,3 28,0 21:35 E 7 14,9 18,6 14:27 11,1 08:49 3,4 0,0 0,0 2,5 26,0 00:31 E 8 16,8 20,4 15:51 14,3 07:48 1,8 0,3 0,0 0,3 11,0 14:31 SE 9 15,5 18,7 16:35 14,5 07:32 4,4 0,0 0,0 1,2 20,0 21:36 E 10 17,4 25,3 16:24 11,8 09:08 2,3 1,5 0,0 0,7 13,0 00:31 SE 11 18,6 23,6 13:18 15,2 00:39 1,0 1,4 8,3 2,8 53,0 13:25 NE 12 19,7 26,1 16:04 14,8 08:24 0,8 2,3 0,0 0,6 14,0 00:15 SSW 13 20,0 26,1 16:10 15,2 07:59 0,6 2,3 0,0 0,7 16,0 15:03 WSW 14 18,9 23,1 16:27 15,8 07:55 0,7 1,3 0,0 0,7 14,0 20:31 ENE 15 20,4 25,3 15:49 17,7 08:23 0,1 2,1 0,0 0,6 16,0 15:20 WSW 16 18,8 22,7 15:36 15,8 07:31 0,6 1,0 1,0 1,2 18,0 15:53 SSW 17 16,9 19,6 16:03 12,3 07:49 1,5 0,1 0,0 11,2 50,0 15:33 ENE 18 17,9 23,5 16:23 11,9 05:23 2,5 1,2 0,0 8,7 50,0 23:37 ENE 19 17,3 22,7 14:48 9,7 08:12 2,0 1,0 0,0 4,6 37,0 00:37 ENE 20 16,9 22,8 15:50 11,3 08:36 2,4 0,9 0,0 2,2 19,0 19:22 E 21 16,6 23,3 16:02 9,8 08:34 2,8 0,9 0,0 2,4 25,0 19:29 ENE 22 17,7 25,3 16:55 10,1 08:02 2,4 1,8 0,0 1,9 23,0 19:51 ENE 23 18,0 25,1 15:27 11,6 08:23 2,0 1,6 0,0 1,2 18,0 20:36 ENE 24 17,9 23,3 15:25 12,9 07:54 1,6 1,2 0,0 2,9 23,0 19:27 E 25 17,1 23,0 15:35 11,1 08:18 2,3 1,0 0,0 3,7 27,0 20:50 E 26 16,6 23,3 16:19 9,8 08:17 2,7 0,9 0,0 3,5 29,0 22:39 E 27 16,2 23,4 15:12 9,4 07:07 3,1 1,0 0,0 1,7 26,0 18:27 E 28 16,5 24,8 15:35 10,4 07:55 3,3 1,4 0,0 1,6 21,0 18:50 E 29 17,7 25,1 14:16 11,0 07:08 2,5 1,8 0,0 0,2 12,0 18:59 W 30 17,6 24,6 14:53 10,7 07:13 2,2 1,5 0,0 1,6 21,0 18:56 E 31 17,4 24,2 15:27 11,8 08:07 2,1 1,2 0,0 0,8 14,0 15:49 SSW ---------------------------------------------------------------------------------- 17,1 26,2 1 8,3 5 72,4 32,4 10,3 3,2 53,0 11 E Max >= 27,0: 0 Max <= 0,0: 0 Min <= 0,0: 0 Min <= -18,0: 0 Max Rain: 8,3 on day 11 Days of Rain: 4 (> 0,2 mm) 1 (> 2,0 mm) 0 (> 20,0 mm) Heat Base: 18,3 Cool Base: 18,3 Method: Integration