Monthly Climatological Summary for Οκτ 2017 Name: ΣΥΚΟΥΡΙΟ City: ΛΑΡΙΣΑ State: ΕΛΛΑΔΑ Elevation: 185 m Lat: N 40° 15' 46" Lon: E 022° 57' 09" Temperature (°C), Rain (mm), Wind Speed (km/h) Heat Cool Avg Mean Deg Deg Wind Dom Day Temp High Time Low Time Days Days Rain Speed High Time Dir ---------------------------------------------------------------------------------- 1 16,1 20,5 16:43 13,3 05:45 3,0 7,7 0,6 2,4 23,0 14:47 SSW 2 15,3 19,6 13:11 14,3 08:16 2,0 3,9 4,5 2,2 16,0 13:11 N 3 16,8 22,1 15:24 12,9 08:40 2,7 8,2 0,0 4,7 23,0 23:26 ENE 4 17,4 24,1 16:17 10,7 07:50 2,6 8,9 0,0 3,5 22,0 19:40 ENE 5 19,3 26,8 16:54 12,4 07:05 1,7 10,9 0,0 3,0 22,0 18:32 E 6 21,2 28,1 16:12 15,9 03:55 0,5 12,8 0,0 4,3 25,0 15:56 ESE 7 17,1 22,3 13:26 11,8 21:45 2,2 8,6 1,1 4,5 45,0 18:18 NE 8 13,6 20,1 16:28 6,5 08:10 5,4 5,3 0,0 5,8 31,0 19:02 NE 9 15,9 21,9 16:44 9,9 08:43 3,5 7,4 0,0 6,5 28,0 20:12 ENE 10 17,0 22,6 16:10 9,6 08:16 2,7 8,5 0,0 5,1 26,0 20:43 ENE 11 16,9 23,0 15:56 11,4 07:05 2,7 8,4 0,0 5,3 24,0 20:30 ENE 12 17,4 24,5 16:08 10,2 08:10 2,7 9,0 0,0 3,8 28,0 20:03 ENE 13 18,4 25,2 16:27 11,3 08:24 2,1 10,0 0,0 4,4 28,0 20:47 ENE 14 19,7 25,1 15:51 11,4 08:20 1,2 11,3 0,0 7,3 38,0 20:22 NE 15 19,3 24,1 15:40 14,9 05:20 0,9 10,9 0,0 4,6 29,0 00:01 NE 16 18,6 26,4 15:47 11,4 08:15 2,1 10,2 0,0 2,2 18,0 14:38 SSE 17 19,0 25,5 15:59 12,9 08:05 1,5 10,6 0,0 3,0 24,0 19:51 ENE 18 18,9 25,9 16:44 11,9 06:45 1,9 10,4 0,0 3,3 24,0 20:00 ENE 19 19,2 26,8 16:07 11,6 08:05 1,6 10,8 0,0 3,8 26,0 21:01 ENE 20 19,3 26,8 16:09 11,9 08:46 1,6 11,2 0,0 3,4 27,0 20:20 ENE 21 19,4 26,6 16:48 12,1 08:27 1,6 11,4 0,0 3,3 24,0 19:16 ENE 22 19,4 26,8 15:25 11,9 08:37 1,6 11,3 0,0 3,1 23,0 00:10 ENE 23 14,9 17,8 00:00 12,3 09:07 4,1 6,7 5,1 2,3 27,0 22:04 NE 24 13,3 18,0 15:06 9,8 07:16 5,9 5,0 0,0 8,7 52,0 21:32 ENE 25 13,3 15,2 13:03 12,2 09:15 5,9 5,0 4,5 11,2 40,0 08:26 NE 26 14,4 18,3 15:31 11,9 04:12 4,7 6,2 0,0 7,0 24,0 21:14 ENE 27 14,3 21,3 16:25 8,2 07:58 5,0 6,1 0,0 4,2 25,0 19:25 ENE 28 12,7 16,1 07:59 7,9 22:25 6,4 4,4 0,0 9,1 54,0 11:31 NE 29 11,7 17,9 16:01 4,9 08:00 7,8 4,2 0,0 2,8 33,0 20:12 S 30 14,3 17,9 14:39 12,3 23:49 5,0 6,3 0,0 15,8 45,0 22:16 ENE 31 12,4 16,3 15:23 10,6 23:15 6,6 3,9 0,0 14,1 42,0 08:16 ENE ---------------------------------------------------------------------------------- 16,7 28,1 6 4,9 29 99,2 255,5 15,8 5,4 54,0 28 ENE Max >= 27,0: 1 Max <= 0,0: 0 Min <= 0,0: 0 Min <= -18,0: 0 Max Rain: 5,1 on day 23 Days of Rain: 5 (>= 0,2 mm) 3 (>= 2,0 mm) 0 (>= 20,0 mm) Heat Base: 18,9 Cool Base: 8,5 Method: Integration