Monthly Climatological Summary for NOE 2011 Name: sykourio.meteoclub.gr City: LARISA State: SYKOURIO Elevation: 153 m Lat: N 39° 45' 27" Lon: E 022° 34' 49" Temperature (°C), Rain (mm), Wind Speed (km/h) Heat Cool Avg Mean Deg Deg Wind Dom Day Temp High Time Low Time Days Days Rain Speed High Time Dir ---------------------------------------------------------------------------------- 5 13,1 17,8 14:58 9,0 09:07 3,6 0,0 0,0 2,0 23,0 23:27 ESE 6 11,3 17,9 13:19 5,4 04:55 7,5 0,0 0,0 2,0 21,0 23:09 E 7 12,5 14,7 12:24 10,3 06:37 5,8 0,0 0,0 0,4 15,0 00:05 ESE 8 12,7 14,5 13:15 11,4 06:08 5,6 0,0 0,0 0,0 2,0 22:29 W 9 13,0 17,8 14:52 10,3 23:01 5,7 0,0 0,0 0,0 5,0 17:50 SSE 10 14,1 19,4 13:07 9,5 04:50 4,2 0,1 0,0 1,6 31,0 16:52 ESE 11 11,6 14,5 00:00 9,3 22:43 7,5 0,0 2,1 0,9 17,0 11:34 N 12 8,1 10,9 11:02 6,9 17:14 11,3 0,0 0,0 4,4 24,0 15:49 ENE 13 7,4 9,6 12:58 5,8 07:07 10,9 0,0 0,0 3,0 31,0 01:20 NNE 14 8,1 9,3 21:47 6,9 12:37 10,2 0,0 0,0 1,7 22,0 07:25 NNE 15 8,1 13,4 13:18 5,3 22:54 10,5 0,0 0,0 10,9 31,0 10:33 E 16 6,9 13,9 13:57 0,1 07:25 11,4 0,0 0,0 4,5 24,0 21:11 E 17 6,7 13,6 13:11 1,2 06:52 11,6 0,0 0,0 2,9 20,0 01:43 ESE 18 7,5 14,0 14:20 1,8 07:31 11,2 0,0 0,0 3,2 23,0 21:28 ESE 19 7,4 14,4 13:47 0,9 07:28 11,2 0,0 0,0 2,3 17,0 00:54 E 20 7,7 14,9 14:11 1,0 07:26 10,6 0,0 0,0 3,0 23,0 21:42 E 21 7,9 13,8 12:39 1,4 07:08 12,9 0,0 0,0 1,0 18,0 23:43 ENE 22 8,5 15,2 13:23 2,8 06:50 9,8 0,0 0,0 0,8 20,0 01:30 E 23 8,8 11,2 13:20 6,6 08:01 9,5 0,0 0,0 0,0 0,0 00:00 E 24 9,2 11,4 12:26 7,4 20:19 9,5 0,0 1,0 0,0 0,0 00:00 E 25 8,6 9,8 12:39 7,7 23:54 10,0 0,0 0,0 0,0 0,0 00:00 E 26 8,5 14,4 14:47 4,8 23:46 9,8 0,0 0,0 1,0 20,0 19:01 ESE 27 8,4 13,4 12:41 1,6 06:48 13,9 0,0 0,0 1,4 16,0 19:37 ESE 28 7,3 15,0 15:34 0,6 07:53 11,0 0,0 0,0 0,2 10,0 12:27 SE 29 8,7 14,9 13:47 2,5 08:03 9,6 0,0 0,0 0,9 18,0 18:43 ESE 30 8,9 15,4 14:10 1,5 07:50 9,4 0,0 0,0 1,6 16,0 19:01 E ---------------------------------------------------------------------------------- 9,3 19,4 10 0,1 16 244,2 0,1 3,1 1,7 31,0 10 E Max >= 27,0: 0 Max <= 0,0: 0 Min <= 0,0: 0 Min <= -18,0: 0 Max Rain: 2,1 on day 11 Days of Rain: 2 (> 0,2 mm) 1 (> 2,0 mm) 0 (> 20,0 mm) Heat Base: 18,3 Cool Base: 18,3 Method: Integration