Monthly Climatological Summary for NOE 2012 Name: sykourio.meteoclub.gr City: LARISA State: SYKOURIO Elevation: 185 m Lat: N 39° 45' 27" Lon: E 022° 34' 49" Temperature (°C), Rain (mm), Wind Speed (km/h) Heat Cool Avg Mean Deg Deg Wind Dom Day Temp High Time Low Time Days Days Rain Speed High Time Dir ---------------------------------------------------------------------------------- 1 14,9 19,9 13:25 11,9 23:59 3,6 0,2 14,0 2,8 49,0 15:14 SE 2 15,0 22,2 14:49 10,9 05:37 3,7 0,4 0,0 2,4 24,0 18:11 E 3 16,5 23,3 14:17 10,1 06:49 2,6 0,8 0,0 4,5 27,0 19:37 E 4 15,5 21,2 15:52 11,0 08:16 3,1 0,3 0,0 2,0 21,0 20:37 E 5 16,9 24,1 14:20 10,8 07:03 2,5 1,1 0,0 0,5 14,0 19:12 E 6 21,7 28,2 13:11 17,3 00:00 0,0 3,5 0,0 3,7 26,0 13:26 ESE 7 15,8 19,8 12:09 11,0 23:02 2,8 0,1 6,7 9,1 58,0 23:33 ENE 8 12,3 17,0 14:57 8,3 23:02 6,2 0,0 0,5 12,8 59,0 00:15 ENE 9 10,7 17,8 14:50 4,3 07:12 7,6 0,0 0,0 1,3 21,0 00:03 ENE 10 11,4 18,9 14:00 4,8 07:06 7,6 0,0 0,0 5,0 41,0 11:40 ENE 11 11,9 18,1 13:29 7,2 07:55 7,0 0,0 0,0 3,4 22,0 18:40 E 12 11,7 18,1 13:26 5,6 07:51 6,8 0,0 0,0 2,9 23,0 00:40 E 13 12,1 18,5 14:57 6,9 07:11 6,3 0,0 0,0 1,5 17,0 18:26 E 14 10,2 13,6 16:17 7,2 07:32 8,2 0,0 0,0 0,1 12,0 16:39 NNE 15 12,4 15,3 15:40 11,3 00:23 6,0 0,0 0,0 1,3 23,0 15:15 E 16 13,1 14,3 22:29 12,1 00:46 5,4 0,0 0,5 5,1 40,0 23:23 E 17 13,9 15,7 09:26 12,1 04:36 4,5 0,0 0,0 4,3 35,0 09:09 ESE 18 13,1 15,5 13:40 11,5 08:05 5,3 0,0 0,0 1,9 21,0 22:28 ENE 19 12,3 13,8 11:42 10,8 02:14 6,2 0,0 2,1 0,3 15,0 00:00 ENE 20 13,0 14,7 21:25 12,1 00:00 5,5 0,0 79,8 1,3 26,0 12:06 NE 21 13,3 14,7 21:25 12,1 07:10 5,1 0,0 33,7 1,3 36,0 23:59 ENE 22 13,8 17,6 13:39 10,9 23:33 4,6 0,0 0,0 1,8 44,0 00:00 ENE 23 12,6 16,6 13:24 10,5 06:59 5,7 0,0 0,0 0,1 13,0 18:58 E 24 12,6 16,8 14:06 10,6 06:45 5,7 0,0 0,0 0,2 14,0 20:18 SSE 25 12,9 17,8 14:24 10,6 03:08 5,4 0,0 0,0 0,8 21,0 22:55 E 26 12,5 17,4 14:01 9,2 06:56 5,8 0,0 0,0 0,3 14,0 18:14 E 27 12,2 16,3 14:41 10,1 05:27 6,1 0,0 0,0 0,0 13,0 20:05 E 28 11,7 14,3 12:19 9,3 08:54 6,7 0,0 0,0 0,0 5,0 16:00 N 29 16,2 18,9 10:46 11,8 23:55 2,2 0,0 19,2 9,0 53,0 08:32 SSE 30 13,8 19,9 13:53 8,9 06:17 4,7 0,2 0,0 0,6 18,0 18:11 SSE ---------------------------------------------------------------------------------- 13,5 28,2 6 4,3 9 152,9 6,6 156,5 2,5 59,0 8 E Max >= 27,0: 1 Max <= 0,0: 0 Min <= 0,0: 0 Min <= -18,0: 0 Max Rain: 79,8 on day 20 Days of Rain: 8 (> 0,2 mm) 6 (> 2,0 mm) 2 (> 20,0 mm) Heat Base: 18,3 Cool Base: 18,3 Method: Integration