Monthly Climatological Summary for Noe2013 Name: sykourio.meteoclub.gr City: Larisa State: Sykourio Elevation: 185 m Lat: N 40° 15' 46" Lon: E 022° 58' 10" Temperature (°C), Rain (mm), Wind Speed (km/h) Heat Cool Avg Mean Deg Deg Wind Dom Day Temp High Time Low Time Days Days Rain Speed High Time Dir ---------------------------------------------------------------------------------- 1 16,1 20,2 15:35 12,8 07:56 2,5 0,2 0,0 0,8 15,0 18:43 E 2 15,3 20,5 15:13 11,0 08:05 3,4 0,3 0,0 1,6 24,0 19:23 E 3 16,3 23,5 15:16 9,8 08:04 3,2 1,0 0,0 0,8 19,0 19:00 ESE 4 17,1 24,1 13:35 11,9 07:11 2,5 1,2 0,0 0,9 19,0 11:48 WSW 5 18,7 22,8 14:30 14,6 07:14 1,1 1,6 0,0 8,1 46,0 21:06 SSE 6 18,2 20,7 14:19 14,7 06:54 0,9 0,7 1,0 3,2 51,0 00:16 SE 7 18,3 23,1 12:23 14,1 23:01 1,1 1,1 0,0 6,7 41,0 00:24 NE 8 15,5 22,5 15:40 9,6 07:33 3,5 0,6 0,0 0,9 18,0 18:48 ENE 9 15,5 21,1 15:09 9,9 07:47 3,4 0,5 0,0 1,4 24,0 18:03 E 10 14,1 18,6 14:49 9,8 07:41 4,3 0,0 0,0 0,7 14,0 18:05 SSE 11 14,3 18,1 23:24 11,6 07:16 4,1 0,0 3,1 0,3 20,0 23:06 E 12 18,2 21,8 12:02 14,5 05:19 1,1 1,0 0,0 7,4 49,0 17:06 ESE 13 17,0 19,3 00:30 13,2 23:56 1,5 0,2 1,5 3,5 40,0 00:33 NE 14 12,9 14,3 09:56 11,2 23:17 5,7 0,0 5,2 2,3 35,0 13:48 ESE 15 12,7 14,7 14:23 11,1 02:17 6,2 0,0 0,0 5,4 49,0 16:26 ENE 16 12,4 15,8 15:29 9,3 22:37 6,5 0,0 0,0 4,9 38,0 08:19 ENE 17 10,6 13,9 16:15 7,4 07:39 8,2 0,0 0,0 3,2 25,0 21:20 ENE 18 10,3 15,4 15:40 5,2 07:47 8,5 0,0 0,0 0,9 19,0 20:28 NE 19 10,5 12,6 23:12 8,6 07:48 8,0 0,0 0,0 0,2 13,0 00:04 NE 20 13,0 17,6 14:48 10,3 07:18 5,5 0,0 1,6 1,1 14,0 16:12 E 21 12,9 16,3 12:46 10,6 00:24 5,4 0,0 0,0 1,4 20,0 17:55 E 22 13,8 18,8 15:14 9,3 08:18 4,7 0,0 0,0 2,9 23,0 19:19 SE 23 13,6 18,6 14:03 8,6 04:10 4,9 0,0 0,0 5,1 45,0 17:54 SSE 24 10,7 12,8 01:20 7,3 21:21 7,9 0,0 7,8 0,5 16,0 17:03 ESE 25 10,6 15,8 13:55 6,2 08:21 8,0 0,0 0,0 1,6 19,0 19:37 E 26 9,2 12,2 14:15 7,6 23:01 9,4 0,0 3,1 0,9 17,0 19:21 NE 27 9,3 13,9 13:58 6,4 07:59 9,9 0,0 0,0 4,8 32,0 19:22 ENE 28 6,7 10,9 15:03 2,8 08:30 12,1 0,0 0,0 2,3 27,0 00:59 NE 29 6,3 12,3 15:07 0,9 07:27 12,4 0,0 0,0 4,9 36,0 22:49 ENE 30 6,0 8,9 11:48 4,1 07:52 12,4 0,0 8,3 1,2 33,0 00:10 ENE ---------------------------------------------------------------------------------- 13,2 24,1 4 0,9 29 168,3 8,4 31,6 2,7 51,0 6 E Max >= 27,0: 0 Max <= 0,0: 0 Min <= 0,0: 0 Min <= -18,0: 0 Max Rain: 8,3 on day 30 Days of Rain: 8 (> 0,2 mm) 5 (> 2,0 mm) 0 (> 20,0 mm) Heat Base: 18,3 Cool Base: 18,3 Method: Integration