Monthly Climatological Summary for Noe 2015 Name: sykourio.meteoclub.gr City: Larisa State: Sykourio Elevation: 185 m Lat: N 40° 15' 46" Lon: E 022° 58' 09" Temperature (°C), Rain (mm), Wind Speed (km/h) Heat Cool Avg Mean Deg Deg Wind Dom Day Temp High Time Low Time Days Days Rain Speed High Time Dir ---------------------------------------------------------------------------------- 1 11,6 12,9 00:20 9,3 22:09 7,0 0,0 0,0 8,9 35,0 12:00 NNE 2 9,7 16,4 16:00 6,9 07:35 9,8 0,0 0,0 2,9 22,0 19:23 ENE 3 11,1 17,8 15:18 4,4 07:21 7,3 0,0 0,0 1,9 22,0 22:18 ENE 4 11,9 19,1 15:37 3,8 07:39 6,6 0,0 0,0 3,7 23,0 18:05 ENE 5 11,9 18,7 15:09 4,9 07:16 6,6 0,0 0,0 3,5 24,0 20:27 ENE 6 12,0 18,4 14:59 5,5 07:40 6,5 0,0 0,0 1,5 20,0 18:36 ENE 7 12,0 17,8 15:03 5,9 08:09 6,4 0,0 0,0 2,6 23,0 22:24 ENE 8 11,9 18,3 15:06 5,9 07:28 6,5 0,0 0,0 1,4 14,0 00:11 E 9 13,4 20,9 15:48 7,0 07:59 5,3 0,3 0,0 1,4 17,0 20:20 ENE 10 16,2 24,1 14:37 9,6 03:24 3,3 1,2 0,0 4,2 30,0 17:35 NNE 11 16,7 23,6 14:27 10,1 07:11 2,7 1,0 0,0 1,7 18,0 23:28 ENE 12 17,1 23,3 14:59 11,8 08:01 2,2 1,0 0,0 2,4 21,0 18:35 ENE 13 16,2 22,3 15:20 10,6 07:28 2,8 0,6 0,0 1,9 24,0 19:45 NE 14 14,8 20,7 15:27 9,9 07:49 3,8 0,3 0,0 0,7 11,0 19:32 ESE 15 14,2 16,9 11:19 11,1 05:37 4,2 0,0 0,0 3,7 24,0 08:01 NE 16 13,8 20,3 21:32 7,3 07:27 4,8 0,2 0,0 3,5 47,0 23:46 NE 17 16,4 20,3 15:11 10,7 07:31 2,3 0,3 0,0 5,1 49,0 00:12 NE 18 13,5 19,0 14:48 8,4 08:33 5,0 0,0 0,0 1,8 21,0 19:00 ENE 19 13,9 20,3 15:17 7,9 07:18 4,7 0,2 0,0 2,9 22,0 19:49 NE 20 13,8 19,6 15:20 7,9 07:42 5,1 0,1 0,0 2,5 19,0 19:03 E 21 16,4 19,4 15:38 11,5 07:48 2,2 0,2 0,0 4,8 32,0 23:23 SSE 22 19,8 22,8 11:04 17,0 23:25 0,1 1,6 0,5 17,2 50,0 13:20 S 23 16,5 19,0 12:51 13,3 23:36 1,9 0,1 0,0 1,8 24,0 00:08 SSE 24 15,3 20,7 12:30 11,9 05:31 3,3 0,2 0,0 2,1 18,0 20:26 ENE 25 13,2 16,6 14:44 10,3 23:55 5,2 0,0 14,5 1,7 23,0 21:49 E 26 10,3 13,2 15:56 7,5 08:51 8,1 0,0 0,5 1,0 17,0 21:33 NE 27 11,7 16,4 12:08 9,2 23:29 6,9 0,0 8,3 4,2 35,0 13:07 SE 28 11,2 14,8 15:07 8,6 08:07 7,1 0,0 0,0 2,9 21,0 22:57 ENE 29 10,2 14,4 13:43 6,1 07:56 8,1 0,0 0,0 6,3 36,0 18:26 ENE 30 7,9 12,9 15:52 2,9 07:14 10,8 0,0 0,0 2,0 21,0 17:35 NE ---------------------------------------------------------------------------------- 13,5 24,1 10 2,9 30 156,6 7,3 23,8 3,4 50,0 22 ENE Max >= 27,0: 0 Max <= 0,0: 0 Min <= 0,0: 0 Min <= -18,0: 0 Max Rain: 14,5 on day 25 Days of Rain: 4 (> 0,2 mm) 2 (> 2,0 mm) 0 (> 20,0 mm) Heat Base: 18,3 Cool Base: 18,3 Method: Integration