Monthly Climatological Summary for DEK 2011 Name: sykourio.meteoclub.gr City: LARISA State: SYKOURIO Elevation: 153 m Lat: N 39° 45' 27" Lon: E 022° 34' 49" Temperature (°C), Rain (mm), Wind Speed (km/h) Heat Cool Avg Mean Deg Deg Wind Dom Day Temp High Time Low Time Days Days Rain Speed High Time Dir ---------------------------------------------------------------------------------- 1 8,4 14,9 14:58 0,5 07:41 11,5 0,0 0,0 0,0 7,0 00:01 E 2 8,2 16,1 14:17 1,8 07:17 10,1 0,0 0,0 1,1 16,0 20:23 ESE 3 8,8 14,3 14:46 5,8 02:27 9,5 0,0 0,0 0,7 13,0 20:18 ESE 4 8,4 16,1 15:08 1,9 08:04 9,9 0,0 0,0 0,0 0,0 00:00 E 5 13,1 19,9 14:50 6,9 04:36 5,3 0,1 0,0 1,0 14,0 14:57 WSW 6 14,2 16,4 16:38 12,2 23:19 4,9 0,0 0,0 0,2 13,0 23:40 E 7 10,7 14,5 12:51 7,8 05:19 7,7 0,0 1,0 4,1 32,0 17:55 E 8 8,9 17,4 14:56 2,7 06:48 9,7 0,0 0,0 8,2 52,0 17:49 E 9 7,1 12,9 15:01 0,5 08:14 14,6 0,0 0,0 2,8 33,0 00:19 ENE 10 7,9 16,4 13:34 -0,1 07:23 10,4 0,0 0,0 0,0 2,0 14:59 SW 11 10,7 15,2 15:07 7,2 08:03 7,6 0,0 0,0 0,0 0,0 00:00 E 12 12,7 20,4 13:12 8,2 07:43 5,7 0,1 0,0 0,0 0,0 00:00 E 13 11,3 18,3 15:07 7,8 06:42 7,0 0,0 0,0 0,4 14,0 18:14 ESE 14 9,5 16,9 15:15 3,5 08:31 8,8 0,0 0,0 0,2 16,0 19:54 E 15 8,8 16,6 14:30 3,1 08:53 9,5 0,0 0,0 0,0 6,0 19:51 NE 16 10,0 12,4 09:29 8,1 00:00 5,0 0,0 4,7 1,0 16,0 06:42 ESE 17 14,9 20,9 12:56 9,4 00:00 3,5 0,2 0,0 6,1 39,0 18:57 SW 18 10,7 14,4 12:40 8,1 08:36 7,6 0,0 0,0 3,3 24,0 19:31 E 19 7,4 8,8 00:18 5,8 06:07 10,9 0,0 8,8 0,0 0,0 00:00 E 20 7,6 10,4 13:04 5,4 23:47 10,7 0,0 0,0 0,2 13,0 23:23 E 21 6,5 10,1 10:50 3,1 08:14 11,8 0,0 1,0 2,5 37,0 19:31 ESE 22 4,0 5,0 01:37 2,5 07:31 15,3 0,0 14,5 11,4 45,0 11:56 ENE 23 5,5 7,1 13:43 4,2 00:47 12,9 0,0 7,2 12,8 42,0 16:26 NE 24 4,5 9,0 14:07 0,0 00:39 16,6 0,0 0,0 2,4 21,0 07:39 ESE 25 4,3 9,9 12:30 1,9 20:42 14,6 0,0 0,0 3,6 23,0 05:43 E 26 5,6 6,4 17:55 3,4 00:21 13,3 0,0 0,0 11,7 39,0 09:46 E 27 5,4 6,6 15:40 3,3 23:40 13,4 0,0 0,0 16,4 33,0 07:28 E 28 4,0 9,9 14:33 -0,2 08:00 14,9 0,0 0,0 3,8 21,0 19:47 ESE 29 3,1 8,9 15:19 -1,6 08:26 15,9 0,0 0,0 0,3 13,0 01:26 E 30 3,2 5,1 15:59 1,1 01:03 15,0 0,0 4,1 0,0 0,0 00:00 E 31 5,6 8,4 13:42 3,5 01:05 13,2 0,0 7,3 15,5 40,0 11:37 ENE ---------------------------------------------------------------------------------- 8,1 20,9 17 -1,6 29 326,8 0,4 48,6 3,0 52,0 8 E Max >= 27,0: 0 Max <= 0,0: 0 Min <= 0,0: 4 Min <= -18,0: 0 Max Rain: 14,5 on day 22 Days of Rain: 8 (> 0,2 mm) 6 (> 2,0 mm) 0 (> 20,0 mm) Heat Base: 18,3 Cool Base: 18,3 Method: Integration