Monthly Climatological Summary for DEK 2012 Name: sykourio.meteoclub.gr City: LSRISA State: SYKOURIO Elevation: 185 m Lat: N 39° 45' 27" Lon: E 022° 34' 49" Temperature (°C), Rain (mm), Wind Speed (km/h) Heat Cool Avg Mean Deg Deg Wind Dom Day Temp High Time Low Time Days Days Rain Speed High Time Dir ---------------------------------------------------------------------------------- 1 13,8 18,9 13:35 9,6 07:48 4,6 0,0 0,0 1,4 25,0 19:12 E 2 10,0 12,1 00:01 7,6 08:00 8,6 0,0 18,6 0,8 20,0 21:41 ENE 3 10,5 16,6 13:07 7,1 23:57 7,9 0,0 0,0 0,3 37,0 23:36 E 4 7,1 12,8 15:29 3,2 08:34 11,2 0,0 0,0 0,2 12,0 00:03 E 5 5,9 12,1 13:30 3,2 05:15 12,4 0,0 1,0 0,1 14,0 22:34 ENE 6 8,2 13,8 14:21 4,3 04:02 10,1 0,0 0,0 0,2 22,0 23:57 ENE 7 7,1 11,1 12:46 2,4 23:54 11,4 0,0 0,0 1,5 35,0 07:19 E 8 6,7 13,4 23:22 1,5 04:20 12,6 0,0 2,6 2,4 49,0 23:00 SSE 9 8,5 13,5 00:36 5,0 22:43 10,0 0,0 4,1 5,9 45,0 20:12 E 10 4,9 10,3 15:00 0,9 07:48 13,9 0,0 0,0 1,9 48,0 00:23 E 11 4,1 8,1 15:19 1,1 00:31 14,5 0,0 3,6 0,4 16,0 22:53 ENE 12 4,2 9,6 14:03 0,4 07:16 14,3 0,0 0,0 0,9 15,0 00:25 ENE 13 2,1 8,4 15:09 -1,9 07:30 17,2 0,0 0,0 0,1 9,0 23:06 E 14 3,4 9,4 14:47 0,1 07:22 15,3 0,0 0,0 0,7 19,0 18:35 ENE 15 5,2 11,1 13:31 0,1 07:49 13,2 0,0 0,0 0,1 12,0 13:34 S 16 5,9 8,7 13:13 3,4 08:03 12,6 0,0 0,0 0,1 7,0 22:51 SE 17 7,2 12,1 15:17 3,6 08:10 11,2 0,0 0,5 0,2 6,0 13:15 ENE 18 8,7 11,1 12:48 7,0 01:42 10,0 0,0 18,1 6,4 44,0 16:48 E 19 8,3 10,4 10:23 6,4 23:49 11,8 0,0 0,0 7,8 44,0 20:36 NE 20 6,2 9,6 12:57 3,6 08:19 12,5 0,0 0,0 4,9 35,0 00:13 ENE 21 4,1 9,4 12:21 0,7 08:37 15,0 0,0 0,0 0,1 9,0 08:10 ENE 22 5,4 6,4 12:57 4,0 05:33 13,3 0,0 0,0 11,7 46,0 14:38 ENE 23 4,9 10,1 14:16 1,9 23:51 13,9 0,0 0,0 3,7 37,0 00:35 ENE 24 3,8 10,1 14:44 -0,8 08:31 16,7 0,0 0,0 0,1 9,0 14:20 SSW 25 5,6 12,8 15:05 0,8 08:09 13,2 0,0 0,0 0,1 5,0 12:17 S 26 6,4 12,8 12:13 2,1 07:55 12,1 0,0 0,0 0,0 5,0 12:57 NW 27 8,3 16,2 12:57 2,9 06:24 10,2 0,0 0,0 0,2 6,0 23:28 ENE 28 9,8 18,4 14:05 4,7 08:39 8,8 0,0 0,0 0,4 10,0 17:15 NNW 29 9,2 11,9 02:31 6,9 21:56 9,7 0,0 66,8 17,4 82,0 13:13 ENE 30 7,8 8,9 20:27 6,8 03:31 10,7 0,0 4,7 5,9 48,0 09:45 NNE 31 7,6 9,9 13:36 6,4 08:26 11,1 0,0 0,0 0,1 8,0 02:11 NNE ---------------------------------------------------------------------------------- 6,8 18,9 1 -1,9 13 370,0 0,0 120,0 2,5 82,0 29 ENE Max >= 27,0: 0 Max <= 0,0: 0 Min <= 0,0: 2 Min <= -18,0: 0 Max Rain: 66,8 on day 29 Days of Rain: 9 (> 0,2 mm) 7 (> 2,0 mm) 1 (> 20,0 mm) Heat Base: 18,3 Cool Base: 18,3 Method: Integration