Monthly Climatological Summary for Dek 2013 Name: sykourio.meteoclub.gr City: Larisa State: Sykourio Elevation: 185 m Lat: N 40° 15' 46" Lon: E 022° 58' 10" Temperature (°C), Rain (mm), Wind Speed (km/h) Heat Cool Avg Mean Deg Deg Wind Dom Day Temp High Time Low Time Days Days Rain Speed High Time Dir ---------------------------------------------------------------------------------- 1 8,3 13,3 19:25 5,3 00:02 10,4 0,0 14,5 2,6 37,0 19:23 ENE 2 10,9 12,7 19:35 9,6 07:42 7,6 0,0 3,1 5,8 51,0 23:08 ENE 3 7,7 10,0 00:00 4,5 22:55 11,0 0,0 1,0 7,4 51,0 00:17 ENE 4 5,9 9,5 16:03 2,7 23:42 12,6 0,0 0,0 4,8 23,0 17:55 NE 5 4,7 10,4 14:52 -0,5 07:54 14,5 0,0 0,0 1,0 14,0 00:50 E 6 5,7 11,9 14:38 0,3 07:55 12,8 0,0 0,0 0,9 17,0 22:29 ENE 7 6,5 9,2 14:27 3,9 02:00 12,6 0,0 0,5 17,3 66,0 07:06 ENE 8 4,9 8,9 14:50 0,4 08:40 13,6 0,0 0,0 3,2 42,0 00:58 NE 9 4,2 9,6 14:02 -0,9 08:41 14,6 0,0 0,0 0,5 11,0 19:15 ESE 10 8,5 15,1 12:18 2,9 07:37 10,2 0,0 0,0 18,0 69,0 20:15 NE 11 4,5 7,3 13:29 2,4 21:49 15,4 0,0 0,5 18,3 51,0 10:05 ENE 12 3,7 9,4 15:28 -2,5 07:26 15,0 0,0 0,0 1,7 19,0 00:00 E 13 6,5 11,1 15:30 2,9 07:21 12,2 0,0 0,0 3,4 18,0 18:12 ENE 14 5,8 12,1 15:01 0,3 08:14 12,9 0,0 0,0 3,0 20,0 20:30 ENE 15 6,0 11,6 15:34 0,7 08:03 13,1 0,0 0,0 1,0 17,0 23:37 E 16 7,4 10,6 12:37 3,8 08:47 11,2 0,0 0,0 15,4 49,0 14:14 E 17 6,5 9,8 13:43 3,8 22:00 12,2 0,0 0,0 8,6 48,0 08:29 E 18 6,9 10,4 15:11 3,5 23:41 11,7 0,0 0,0 5,7 33,0 10:02 ENE 19 4,9 10,4 15:32 -0,3 08:02 13,8 0,0 0,0 4,4 28,0 18:34 ENE 20 4,6 10,4 15:53 -0,9 08:53 14,1 0,0 0,0 2,9 22,0 00:12 E 21 4,3 10,6 15:28 -1,2 07:36 14,4 0,0 0,0 0,9 11,0 20:42 E 22 4,9 11,4 15:55 -0,5 08:10 13,7 0,0 0,0 1,5 20,0 18:00 ENE 23 4,6 10,2 15:05 -0,5 07:56 13,8 0,0 0,0 1,7 19,0 23:03 ENE 24 3,5 5,7 15:17 1,4 08:09 15,3 0,0 1,0 1,5 19,0 16:04 N 25 5,0 6,4 15:00 3,6 05:08 13,7 0,0 2,6 0,1 9,0 00:05 WNW 26 7,4 9,6 14:36 5,9 00:00 11,0 0,0 0,5 0,0 5,0 22:06 NNW 27 12,2 15,1 03:31 7,6 00:26 6,2 0,0 7,8 5,5 44,0 09:01 SSE 28 10,9 13,8 15:52 7,9 23:34 7,4 0,0 9,8 1,1 16,0 19:20 ENE 29 8,9 13,9 15:01 3,9 08:15 9,5 0,0 0,5 2,1 19,0 19:04 ENE 30 7,5 12,1 15:06 3,4 06:24 11,1 0,0 0,0 0,9 14,0 00:55 ENE 31 7,7 8,9 16:02 6,3 00:29 10,8 0,0 0,5 0,2 16,0 00:59 ENE ---------------------------------------------------------------------------------- 6,5 15,1 10 -2,5 12 378,4 0,0 42,3 4,6 69,0 10 ENE Max >= 27,0: 0 Max <= 0,0: 0 Min <= 0,0: 8 Min <= -18,0: 0 Max Rain: 14,5 on day 1 Days of Rain: 12 (> 0,2 mm) 5 (> 2,0 mm) 0 (> 20,0 mm) Heat Base: 18,3 Cool Base: 18,3 Method: Integration