Monthly Climatological Summary for Dek 2014 Name: sykourio.meteoclub.gr City: Larisa State: Sykourio Elevation: 185 m Lat: N 40° 15' 46" Lon: E 022° 58' 09" Temperature (°C), Rain (mm), Wind Speed (km/h) Heat Cool Avg Mean Deg Deg Wind Dom Day Temp High Time Low Time Days Days Rain Speed High Time Dir ---------------------------------------------------------------------------------- 1 11,9 13,6 15:32 9,8 04:24 6,5 0,0 0,0 0,0 5,0 12:38 WNW 2 13,7 19,4 19:31 11,2 07:16 4,7 0,0 2,6 2,3 68,0 19:40 NE 3 12,6 13,9 00:26 10,8 23:54 5,8 0,0 3,6 0,6 38,0 00:03 ESE 4 13,2 16,4 14:50 10,9 00:00 5,1 0,0 0,5 0,4 18,0 00:23 SSE 5 13,7 15,9 13:29 12,5 03:28 4,7 0,0 5,1 0,3 11,0 14:10 NNW 6 14,1 17,9 15:05 11,9 22:39 4,3 0,0 8,7 1,3 20,0 21:39 ENE 7 11,6 14,7 14:54 9,3 08:58 6,9 0,0 0,0 0,7 15,0 22:16 NE 8 11,6 12,6 02:30 9,9 00:08 6,8 0,0 3,6 8,5 49,0 18:04 NNE 9 10,1 11,3 00:11 7,5 23:40 8,3 0,0 3,6 8,6 37,0 10:28 NNE 10 8,8 11,6 15:02 7,4 20:54 9,7 0,0 0,0 1,9 18,0 17:06 NE 11 8,2 9,2 16:36 7,0 09:09 10,3 0,0 2,0 0,0 5,0 11:50 NNW 12 11,0 12,8 15:07 7,6 00:27 7,4 0,0 0,0 13,0 62,0 11:46 NE 13 9,5 13,6 15:12 5,9 08:14 8,8 0,0 0,0 3,8 20,0 18:11 ENE 14 7,7 11,2 15:45 4,8 06:03 11,0 0,0 0,0 2,3 20,0 00:35 ENE 15 6,7 7,8 13:43 5,2 23:56 11,9 0,0 0,0 1,3 19,0 08:31 ENE 16 6,1 7,2 16:49 4,9 00:14 12,6 0,0 2,6 0,9 14,0 18:19 NNW 17 7,9 10,3 16:43 6,5 23:58 10,8 0,0 20,5 1,3 19,0 16:40 NE 18 6,3 7,6 14:42 5,0 23:32 12,4 0,0 0,0 0,3 7,0 10:09 ENE 19 4,7 6,1 15:44 3,3 07:37 14,4 0,0 0,0 0,2 6,0 12:18 NE 20 3,5 5,1 15:41 2,3 07:43 15,0 0,0 0,5 0,1 5,0 00:08 NNE 21 6,4 12,6 14:42 1,4 03:52 12,0 0,0 0,0 17,0 62,0 14:05 NE 22 6,7 9,6 15:54 1,4 08:59 11,8 0,0 0,0 4,2 47,0 00:28 ENE 23 5,9 12,6 15:36 0,7 07:17 12,8 0,0 0,0 0,8 10,0 12:39 NE 24 8,2 14,7 14:32 3,2 08:29 10,3 0,0 0,0 0,3 8,0 11:51 ENE 25 7,6 13,4 15:46 3,6 08:30 11,6 0,0 0,0 0,3 9,0 13:38 WSW 26 8,0 12,8 13:42 4,7 04:37 10,5 0,0 0,0 1,3 28,0 23:59 ESE 27 6,2 9,3 14:02 1,8 23:26 12,5 0,0 0,0 7,5 37,0 00:57 ENE 28 4,7 11,7 23:42 -0,1 08:51 14,0 0,0 3,6 5,0 50,0 22:17 SSE 29 6,6 11,1 00:00 2,8 21:11 12,0 0,0 4,6 16,0 58,0 18:44 ENE 30 -0,6 3,8 00:06 -2,4 12:31 20,1 0,0 0,0 19,7 60,0 18:14 ENE 31 -0,9 1,4 23:46 -2,5 07:14 20,4 0,0 0,0 20,2 67,0 20:09 NE ---------------------------------------------------------------------------------- 8,1 19,4 2 -2,5 31 325,4 0,0 61,5 4,6 68,0 2 NE Max >= 27,0: 0 Max <= 0,0: 0 Min <= 0,0: 3 Min <= -18,0: 0 Max Rain: 20,5 on day 17 Days of Rain: 13 (> 0,2 mm) 11 (> 2,0 mm) 1 (> 20,0 mm) Heat Base: 18,3 Cool Base: 18,3 Method: Integration