Annual Climatological Summary for 2014 Name: sykourio.meteoclub.gr City: Larisa State: Sykourio Elevation: 185 m Lat: N 40° 15' 46" Lon: E 022° 58' 10" Temperature (°C), Heat Base: 18,3 Cool Base: 18,3 Dep. Heat Cool Max Max Min Min Mean Mean From Deg Deg >= <= <= <= YR MO Max Min Mean Norm Days Days Hi Date Low Date 27,0 0,0 0,0 -18,0 ------------------------------------------------------------------------------------ 14 1 12,5 5,0 8,6 0.0 308 0 19,4 20 0,4 27 0 0 0 0 14 2 14,5 6,7 10,2 0.0 235 1 22,0 18 4,5 27 0 0 0 0 14 3 17,2 7,5 12,2 0.0 205 7 26,1 19 5,1 4 0 0 0 0 14 4 20,2 10,1 14,9 0.0 118 12 24,2 9 2,9 12 0 0 0 0 14 5 25,7 14,2 19,6 0.0 41 84 31,5 28 9,7 16 13 0 0 0 14 6 30,6 19,4 25,0 0.0 6 211 38,5 26 13,8 4 26 0 0 0 14 7 32,5 21,6 26,9 0.0 0 275 36,4 30 17,6 15 30 0 0 0 14 8 33,3 21,6 27,3 0.0 0 285 39,0 15 18,6 9 31 0 0 0 14 9 27,1 16,8 21,6 0.0 11 114 32,5 22 11,0 27 18 0 0 0 14 10 20,7 12,5 16,5 0.0 92 34 28,3 17 6,9 30 3 0 0 0 14 11 15,2 9,3 12,0 0.0 195 0 18,6 7 2,5 23 0 0 0 0 14 12 11,3 5,4 8,1 0.0 325 0 19,4 2 -2,5 31 0 0 3 0 ------------------------------------------------------------------------------------ 21,7 12,5 16,9 0.0 1540 1027 39,0 Αυγ -2,5 Δεκ 121 0 3 0 Precipitation (mm) Dep. Max Days of Rain From Obs. Over YR MO Total Norm Day Date 0,2 2,0 20,0 --------------------------------------------- 14 1 16,4 0.0 3,6 24 10 4 0 14 2 15,1 0.0 5,7 6 6 3 0 14 3 39,5 0.0 10,4 2 10 7 0 14 4 43,5 0.0 22,3 27 9 6 1 14 5 20,6 0.0 6,7 31 10 4 0 14 6 31,1 0.0 23,3 3 5 3 1 14 7 54,4 0.0 54,4 15 1 1 1 14 8 19,1 0.0 10,3 1 4 4 0 14 9 60,0 0.0 29,0 6 8 5 1 14 10 78,0 0.0 23,1 24 8 7 2 14 11 36,7 0.0 7,7 8 10 5 0 14 12 61,5 0.0 20,5 17 13 10 1 --------------------------------------------- 475,9 0.0 54,4 Ιουλ 94 59 7 Wind Speed (km/h) Dom YR MO Avg. Hi Date Dir ------------------------------ 14 1 2,4 53,0 26 ESE 14 2 3,6 48,0 2 ENE 14 3 5,5 78,0 27 ENE 14 4 4,3 48,0 10 SE 14 5 4,9 58,0 29 SSE 14 6 6,2 63,0 27 ENE 14 7 5,7 63,0 3 ESE 14 8 4,5 62,0 1 E 14 9 4,5 76,0 23 ENE 14 10 3,1 57,0 19 ENE 14 11 1,8 48,0 25 ENE 14 12 4,6 68,0 2 NE ------------------------------ 4,3 78,0 Μαρ E