Annual Climatological Summary for 2016 Annual Climatological Summary for 2016 Name: ΣΥΚΟΥΡΙΟ City: ΛΑΡΙΣΑ State: ΕΛΛΑΔΑ Elevation: 185 m Lat: N 40° 15' 46" Lon: E 022° 57' 09" Temperature (°C), Heat Base: 18,9 Cool Base: 8,5 Dep. Heat Cool Max Max Min Min Mean Mean From Deg Deg >= <= <= <= YR MO Max Min Mean Norm Days Days Hi Date Low Date 27,0 0,0 0,0 -18,0 ------------------------------------------------------------------------------------ 16 1 10,8 3,0 6,7 1,6 372 0 20,9 12 -5,2 1 0 0 9 0 16 2 17,1 7,8 12,3 5,5 176 3 24,3 15 -0,2 7 0 0 1 0 16 3 16,3 7,1 11,6 2,1 220 5 24,8 22 -0,1 26 0 0 1 0 16 4 24,0 11,9 18,1 4,1 56 48 31,3 19 8,7 27 7 0 0 0 16 5 25,0 14,3 19,7 0,1 40 77 33,1 31 9,5 3 9 0 0 0 16 6 32,0 20,5 26,4 1,5 1 227 39,7 18 15,2 9 27 0 0 0 16 7 33,4 22,3 28,1 1,0 0 281 37,9 14 18,6 21 31 0 0 0 16 8 32,5 21,7 27,5 1,5 0 258 36,6 11 15,6 15 30 0 0 0 16 9 26,8 17,1 22,0 0,0 11 109 32,8 17 11,7 29 14 0 0 0 16 10 21,0 13,0 16,8 0,7 74 24 30,4 3 8,1 30 4 0 0 0 16 11 15,6 7,6 11,6 0,8 207 7 25,2 7 0,5 30 0 0 0 0 16 12 9,6 1,1 5,4 -0,9 384 0 14,5 2 -3,9 18 0 0 12 0 ------------------------------------------------------------------------------------ 22,0 12,3 17,2 1,5 1545 1044 39,7Ιουν -5,2 Ιαν 122 0 23 0 Precipitation (mm) Dep. Max Days of Rain From Obs. >= YR MO Total Norm Day Date 0,2 2,0 20,0 --------------------------------------------- 16 1 48,6 0.0 35,2 16 8 5 1 16 2 15,5 0.0 6,5 20 6 3 0 16 3 103,1 0.0 32,6 13 15 10 2 16 4 10,4 0.0 7,3 29 3 2 0 16 5 41,8 0.0 19,7 21 8 3 0 16 6 39,3 0.0 18,1 28 7 4 0 16 7 4,1 0.0 4,1 7 1 1 0 16 8 2,0 0.0 1,0 23 3 0 0 16 9 88,5 0.0 29,7 6 7 5 3 16 10 59,4 0.0 20,3 11 6 4 1 16 11 38,5 0.0 15,9 9 9 6 0 16 12 1,6 0.0 1,6 27 1 0 0 --------------------------------------------- 452,8 0.0 35,2 Ιαν 74 43 7 Wind Speed (km/h) Dom YR MO Avg. Hi Date Dir ------------------------------ 16 1 5,0 56,0 23 ENE 16 2 5,0 73,0 20 ENE 16 3 5,0 75,0 29 ESE 16 4 5,3 57,0 20 SE 16 5 7,1 59,0 21 ESE 16 6 6,8 64,0 28 E 16 7 8,2 55,0 19 ENE 16 8 8,3 53,0 22 ENE 16 9 5,4 44,0 22 ENE 16 10 4,2 56,0 31 ENE 16 11 5,9 63,0 29 ENE 16 12 6,9 69,0 28 NE ------------------------------ 6,1 75,0 Μαρ E