Annual Climatological Summary for 2017 Name: ΣΥΚΟΥΡΙΟ City: ΛΑΡΙΣΑ State: ΕΛΛΑΔΑ Elevation: 165 m Lat: N 40° 15' 46" Lon: E 022° 57' 09" Temperature (°C), Heat Base: 18,9 Cool Base: 8,5 Dep. Heat Cool Max Max Min Min Mean Mean From Deg Deg >= <= <= <= YR MO Max Min Mean Norm Days Days Hi Date Low Date 27,0 0,0 0,0 -18,0 ------------------------------------------------------------------------------------ 17 1 5,2 -1,3 2,0 -3,1 472 0 13,1 5 -9,1 12 0 5 16 0 17 2 13,6 5,0 9,3 2,5 236 0 20,3 23 -1,3 15 0 0 1 0 17 3 18,0 7,5 13,1 3,6 154 8 24,8 25 3,4 17 0 0 0 0 17 4 20,8 8,8 15,0 1,0 122 23 28,4 28 3,9 8 2 0 0 0 17 5 26,0 14,3 20,1 0,5 30 85 35,2 13 9,3 19 13 0 0 0 17 6 31,8 19,6 25,9 1,0 1 224 41,8 30 14,8 19 27 0 0 0 17 7 33,1 21,7 27,6 0,5 2 286 42,5 1 15,5 18 28 0 0 0 17 8 32,9 21,4 27,3 1,3 0 427 37,6 7 15,6 31 29 0 0 0 17 9 28,9 17,1 23,1 1,1 14 433 37,3 18 12,7 24 20 0 0 0 17 10 22,4 11,3 16,7 0,6 99 255 28,1 6 4,9 29 1 0 0 0 17 11 15,9 7,5 11,6 0,8 218 105 20,3 12 0,9 29 0 0 0 0 17 12 13,2 4,6 8,9 2,6 314 68 19,4 1 -0,9 23 0 0 1 0 ------------------------------------------------------------------------------------ 21,8 11,5 16,7 1,0 1667 1919 42,5Ιουλ -9,1 Ιαν 120 5 18 0 Precipitation (mm) Dep. Max Days of Rain From Obs. >= YR MO Total Norm Day Date 0,2 2,0 20,0 --------------------------------------------- 17 1 78,3 0.0 42,1 18 12 7 1 17 2 29,3 0.0 16,5 19 7 4 0 17 3 49,6 0.0 19,7 9 8 4 0 17 4 30,9 0.0 17,6 5 5 3 0 17 5 64,3 0.0 29,5 25 10 4 1 17 6 40,7 0.0 13,0 8 6 5 0 17 7 75,0 0.0 45,7 17 3 2 2 17 8 26,6 0.0 14,7 29 3 3 0 17 9 28,8 0.0 22,6 28 4 2 1 17 10 15,8 0.0 5,1 23 5 3 0 17 11 58,1 0.0 16,9 27 10 7 0 17 12 71,5 0.0 47,4 2 8 5 1 --------------------------------------------- 568,9 0.0 47,4 Δεκ 81 49 6 Wind Speed (km/h) Dom YR MO Avg. Hi Date Dir ------------------------------ 17 1 5,2 65,0 6 ENE 17 2 4,3 47,0 6 E 17 3 5,3 68,0 11 NE 17 4 5,6 45,0 21 E 17 5 5,5 51,0 7 ENE 17 6 6,6 73,0 14 ENE 17 7 7,1 60,0 16 ENE 17 8 7,2 53,0 29 ENE 17 9 5,1 44,0 29 E 17 10 5,4 54,0 28 ENE 17 11 4,8 75,0 16 ENE 17 12 6,3 63,0 1 E ------------------------------ 5,7 75,0 Νοε ENE