Annual Climatological Summary for 2018 Name: ΣΥΚΟΥΡΙΟ City: ΛΑΡΙΣΑ State: ΕΛΛΑΔΑ Elevation: 165 m Lat: N 40° 15' 46" Lon: E 022° 57' 09" Temperature (°C), Heat Base: 18,9 Cool Base: 8,5 Dep. Heat Cool Max Max Min Min Mean Mean From Deg Deg >= <= <= <= YR MO Max Min Mean Norm Days Days Hi Date Low Date 27,0 0,0 0,0 -18,0 ------------------------------------------------------------------------------------ 18 1 11,8 3,9 7,7 2,6 343 26 16,1 20 -1,0 26 0 0 2 0 18 2 12,6 5,6 9,0 2,2 270 40 18,2 3 1,5 26 0 0 0 0 18 3 18,0 8,0 13,0 3,5 181 137 24,6 17 0,8 1 0 0 0 0 18 4 24,2 11,8 18,1 4,1 71 284 29,8 27 8,1 3 6 0 0 0 18 5 27,1 16,6 21,6 2,0 16 404 30,6 27 13,3 11 18 0 0 0 18 6 29,8 19,1 24,4 -0,5 3 473 34,9 13 15,5 26 23 0 0 0 18 7 33,0 21,2 27,0 -0,1 0 569 38,1 22 16,7 10 31 0 0 0 18 8 31,7 21,0 26,4 0,4 0 538 33,8 7 18,5 28 30 0 0 0 18 9 28,3 17,7 23,0 1,0 19 422 33,6 2 11,9 27 24 0 0 0 18 10 22,4 12,7 17,3 1,2 77 278 26,1 2 5,5 26 0 0 0 0 18 11 16,1 9,2 12,4 1,6 195 122 24,8 2 4,7 30 0 0 0 0 18 12 10,3 3,1 6,6 0,3 242 8 15,1 5 -0,3 12 0 0 3 0 ------------------------------------------------------------------------------------ 22,1 12,5 17,2 1,5 1423 3304 38,1Ιουλ -1,0 Ιαν 132 0 5 0 Precipitation (mm) Dep. Max Days of Rain From Obs. >= YR MO Total Norm Day Date 0,2 2,0 20,0 --------------------------------------------- 18 1 70,5 0.0 54,8 13 8 4 1 18 2 111,4 0.0 35,0 15 18 7 2 18 3 40,0 0.0 9,0 22 8 7 0 18 4 3,9 0.0 1,7 30 3 0 0 18 5 27,8 0.0 15,2 10 10 3 0 18 6 83,4 0.0 31,6 26 8 6 1 18 7 59,9 0.0 19,8 23 9 6 0 18 8 49,7 0.0 28,8 27 4 4 1 18 9 7,3 0.0 3,4 13 3 2 0 18 10 13,6 0.0 8,5 1 3 2 0 18 11 45,1 0.0 14,1 26 10 5 0 18 12 8,6 0.0 4,0 18 5 1 0 --------------------------------------------- 521,2 0.0 54,8 Ιαν 89 47 5 Wind Speed (km/h) Dom YR MO Avg. Hi Date Dir ------------------------------ 18 1 5,4 74,0 13 NE 18 2 6,4 74,0 26 ENE 18 3 5,4 57,0 22 ESE 18 4 4,6 60,0 6 ENE 18 5 5,5 45,0 26 ENE 18 6 6,2 50,0 26 ENE 18 7 6,4 67,0 23 NE 18 8 6,1 41,0 11 NE 18 9 7,9 64,0 25 NE 18 10 3,9 70,0 25 ENE 18 11 4,4 68,0 28 ENE 18 12 5,0 49,0 10 NE ------------------------------ 5,6 74,0 Ιαν ENE