Monthly Climatological Summary for IAN 2012 Name: vasilisl@meteocl City: ΛΑΡΙΣΑ State: ΣΥΚΟΥΡΙΟ Elevation: 153 m Lat: N 39° 45' 27" Lon: E 022° 34' 49" Temperature (°C), Rain (mm), Wind Speed (km/h) Heat Cool Avg Mean Deg Deg Wind Dom Day Temp High Time Low Time Days Days Rain Speed High Time Dir --------------------------------------------------------------------------------- 1 6,1 10,1 14:08 3,3 23:40 13,3 0,0 0,0 12,4 37,0 02:49 E 2 3,4 9,7 14:50 -1,7 06:44 14,9 0,0 0,0 0,6 17,0 00:10 ESE 3 4,3 11,4 14:36 -1,6 07:58 14,2 0,0 0,0 0,6 14,0 22:21 ESE 4 5,0 12,0 15:05 -0,9 07:50 13,2 0,0 0,0 0,4 14,0 13:31 WSW 5 5,3 12,3 14:00 0,0 06:19 13,7 0,0 0,0 0,3 8,0 13:26 SSW 6 9,4 13,7 10:17 4,8 22:58 9,3 0,0 13,5 11,5 48,0 12:23 SSE 7 5,7 8,7 12:33 3,9 07:56 16,4 0,0 1,0 14,7 45,0 17:40 ENE 8 4,6 10,8 13:56 0,5 07:54 14,2 0,0 0,0 3,8 24,0 01:08 ENE 9 4,6 11,2 14:00 -1,5 07:25 13,9 0,0 0,0 6,8 33,0 17:43 E 10 6,8 9,3 13:53 5,1 05:49 17,4 0,0 0,0 11,8 36,0 11:57 ENE 11 6,3 8,7 14:23 4,7 23:23 14,3 0,0 0,0 12,8 39,0 01:52 ENE 12 4,8 10,4 13:52 -0,4 07:39 13,9 0,0 0,0 2,0 21,0 00:27 NE 13 4,1 11,1 15:15 -1,6 08:06 14,2 0,0 0,0 0,4 12,0 13:51 SSE 14 4,4 6,6 04:59 0,7 22:32 14,5 0,0 0,0 10,6 43,0 08:44 E 15 3,8 9,3 13:03 -0,2 06:44 15,1 0,0 0,0 8,2 34,0 21:20 ENE 16 1,5 6,0 14:47 -4,1 08:28 16,9 0,0 0,0 10,6 33,0 15:06 E 17 0,5 5,7 14:19 -4,9 07:11 17,9 0,0 0,0 5,9 29,0 00:03 E 18 0,2 6,8 15:27 -7,0 07:55 19,4 0,0 0,0 3,6 22,0 00:08 E 19 1,8 8,3 14:33 -4,8 08:25 16,9 0,0 0,0 2,6 19,0 00:00 ESE 20 5,7 14,3 13:56 -2,6 07:30 12,8 0,0 0,0 4,0 27,0 15:13 ENE 21 7,2 11,4 10:25 1,3 23:51 11,1 0,0 2,1 9,0 41,0 12:40 E 22 4,6 13,2 16:03 -2,5 08:23 14,4 0,0 0,0 3,1 20,0 18:09 ESE 23 7,8 15,8 15:12 0,6 08:06 11,6 0,0 0,0 2,2 14,0 20:35 NE 24 8,2 12,9 13:39 5,9 03:08 10,5 0,0 1,6 0,8 9,0 14:09 N 25 6,0 12,5 13:49 3,4 22:23 12,5 0,0 0,5 6,4 39,0 17:19 E 26 3,1 8,9 13:38 -0,1 07:30 15,8 0,0 0,0 7,3 48,0 22:15 E 27 3,7 8,9 14:38 0,4 08:38 14,9 0,0 0,0 9,2 32,0 21:44 E 28 2,8 7,6 14:00 -0,2 07:11 15,5 0,0 0,0 3,9 30,0 01:29 E 29 3,2 5,3 14:52 1,9 01:53 16,1 0,0 0,0 6,6 35,0 19:29 E 30 1,3 4,1 14:26 -1,0 21:32 17,1 0,0 0,0 7,5 31,0 11:52 E 31 -0,8 1,4 14:14 -3,2 21:46 19,1 0,0 0,0 5,9 27,0 10:53 NE ---------------------------------------------------------------------------------- 4,4 15,8 23 -7,0 18 455,0 0,0 18,7 6,1 48,0 6 E Max >= 27,0: 0 Max <= 0,0: 0 Min <= 0,0: 18 Min <= -18,0: 0 Max Rain: 13,5 on day 6 Days of Rain: 5 (> 0,2 mm) 2 (> 2,0 mm) 0 (> 20,0 mm) Heat Base: 18,3 Cool Base: 18,3 Method: Integration